000
CDUS43 KJKL 092034
CLIJKL

CLIMATE REPORT
NATIONAL WEATHER SERVICE JACKSON KY
434 PM EDT MON APR 9 2018

...................................

...THE JACKSON KY CLIMATE SUMMARY FOR APRIL 9 2018...
VALID TODAY AS OF 0400 PM LOCAL TIME.

CLIMATE NORMAL PERIOD 1981 TO 2010
CLIMATE RECORD PERIOD 1981 TO 2018

WEATHER ITEM   OBSERVED TIME   RECORD YEAR NORMAL DEPARTURE LAST
                VALUE   (LST)  VALUE       VALUE  FROM      YEAR
                                                  NORMAL
..................................................................
TEMPERATURE (F)
 TODAY
  MAXIMUM         50    257 PM  86    2001  66    -16       79
  MINIMUM         32    653 AM  24    1997  45    -13       47
                                      1985
  AVERAGE         41                        56    -15       63

PRECIPITATION (IN)
  TODAY            0.05          1.26 1984   0.13  -0.08     0.00
  MONTH TO DATE    2.37                      1.12   1.25     1.04
  SINCE MAR 1      9.34                      5.24   4.10     5.46
  SINCE JAN 1     19.26                     12.60   6.66    13.03

SNOWFALL (IN)
  TODAY            0.0           0.1  2016   0.0    0.0      0.0
                                      1986
                                      1985
  MONTH TO DATE    0.2                       0.5   -0.3      0.0
  SINCE MAR 1     11.6                       3.4    8.2      0.2
  SINCE JUL 1     22.0                      23.0   -1.0      4.8
  SNOW DEPTH       0

DEGREE DAYS
 HEATING
  TODAY           24                        11     13        2
  MONTH TO DATE  174                       106     68       80
  SINCE MAR 1    826                       659    167      588
  SINCE JUL 1   3928                      3959    -31     3080

 COOLING
  TODAY            0                         1     -1        0
  MONTH TO DATE    0                         9     -9        3
  SINCE MAR 1      0                        16    -16        9
  SINCE JAN 1     12                        16     -4       11
..................................................................

WIND (MPH)
  HIGHEST WIND SPEED     9   HIGHEST WIND DIRECTION     N (340)
  HIGHEST GUST SPEED    14   HIGHEST GUST DIRECTION     W (290)
  AVERAGE WIND SPEED     1.9

SKY COVER
  POSSIBLE SUNSHINE  MM
  AVERAGE SKY COVER 1.0

WEATHER CONDITIONS
 THE FOLLOWING WEATHER WAS RECORDED TODAY.
  LIGHT RAIN
  LIGHT SNOW
  FOG

RELATIVE HUMIDITY (PERCENT)
 HIGHEST   100           600 AM
 LOWEST     41          1200 AM
 AVERAGE    71
..........................................................

THE JACKSON KY CLIMATE NORMALS FOR TOMORROW
                         NORMAL    RECORD    YEAR
 MAXIMUM TEMPERATURE (F)   67        88      2011
                                             2001
                                             1995
 MINIMUM TEMPERATURE (F)   45        26      1985

SUNRISE AND SUNSET
APRIL  9 2018.........SUNRISE   707 AM EDT   SUNSET   803 PM EDT
APRIL 10 2018.........SUNRISE   705 AM EDT   SUNSET   804 PM EDT

-  INDICATES NEGATIVE NUMBERS.
R  INDICATES RECORD WAS SET OR TIED.
MM INDICATES DATA IS MISSING.
T  INDICATES TRACE AMOUNT.

$$

TAB
