000
CDUS43 KJKL 212025
CLIJKL

CLIMATE REPORT
NATIONAL WEATHER SERVICE JACKSON KY
425 PM EDT MON MAY 21 2018

...................................

...THE JACKSON KY CLIMATE SUMMARY FOR MAY 21 2018...
VALID TODAY AS OF 0400 PM LOCAL TIME.

CLIMATE NORMAL PERIOD 1981 TO 2010
CLIMATE RECORD PERIOD 1981 TO 2018

WEATHER ITEM   OBSERVED TIME   RECORD YEAR NORMAL DEPARTURE LAST
                VALUE   (LST)  VALUE       VALUE  FROM      YEAR
                                                  NORMAL
..................................................................
TEMPERATURE (F)
 TODAY
  MAXIMUM         86R   225 PM  86    2013  75     11       74
  MINIMUM         65    537 AM  40    2002  56      9       65
  AVERAGE         76                        66     10       70

PRECIPITATION (IN)
  TODAY            0.07          1.16 1982   0.18  -0.11     0.21
  MONTH TO DATE    4.47                      3.47   0.00     4.55
  SINCE MAR 1     15.56                     11.42   4.14    12.99
  SINCE JAN 1     25.48                     18.78   6.70    20.56

SNOWFALL (IN)
  TODAY            0.0                       0.0    0.0      0.0
  MONTH TO DATE    0.0                       0.0    0.0      0.0
  SINCE MAR 1     12.1                       3.9    8.2      0.2
  SINCE JUL 1     22.5                      23.5   -1.0      4.8
  SNOW DEPTH       0

DEGREE DAYS
 HEATING
  TODAY            0                         3     -3        0
  MONTH TO DATE    3                        81    -78       74
  SINCE MAR 1   1038                       902    136      703
  SINCE JUL 1   4140                      4202    -62     3195

 COOLING
  TODAY           11                         3      8        5
  MONTH TO DATE  152                        52    100       73
  SINCE MAR 1    165                        98     67      169
  SINCE JAN 1    177                        98     79      171
..................................................................

WIND (MPH)
  HIGHEST WIND SPEED     8   HIGHEST WIND DIRECTION    SE (130)
  HIGHEST GUST SPEED    15   HIGHEST GUST DIRECTION    SE (150)
  AVERAGE WIND SPEED     0.7

SKY COVER
  POSSIBLE SUNSHINE  MM
  AVERAGE SKY COVER 0.1

WEATHER CONDITIONS
 THE FOLLOWING WEATHER WAS RECORDED TODAY.
  THUNDERSTORM
  HEAVY RAIN
  HAZE

RELATIVE HUMIDITY (PERCENT)
 HIGHEST    93           400 AM
 LOWEST     55           200 PM
 AVERAGE    74

..........................................................

THE JACKSON KY CLIMATE NORMALS FOR TOMORROW
                         NORMAL    RECORD    YEAR
 MAXIMUM TEMPERATURE (F)   76        86      2007
 MINIMUM TEMPERATURE (F)   56        38      2002
                                             1993

SUNRISE AND SUNSET
MAY 21 2018...........SUNRISE   619 AM EDT   SUNSET   841 PM EDT
MAY 22 2018...........SUNRISE   619 AM EDT   SUNSET   842 PM EDT

-  INDICATES NEGATIVE NUMBERS.
R  INDICATES RECORD WAS SET OR TIED.
MM INDICATES DATA IS MISSING.
T  INDICATES TRACE AMOUNT.

$$

CARICO
