000
CDUS43 KJKL 150544
CLIJKL

CLIMATE REPORT
NATIONAL WEATHER SERVICE JACKSON KY
144 AM EDT SUN APR 15 2018

...................................

...THE JACKSON KY CLIMATE SUMMARY FOR APRIL 14 2018...

CLIMATE NORMAL PERIOD 1981 TO 2010
CLIMATE RECORD PERIOD 1981 TO 2018

WEATHER ITEM   OBSERVED TIME   RECORD YEAR NORMAL DEPARTURE LAST
                VALUE   (LST)  VALUE       VALUE  FROM      YEAR
                                                  NORMAL
..................................................................
TEMPERATURE (F)
 YESTERDAY
  MAXIMUM         80    126 PM  87    2006  68     12       85
  MINIMUM         60   1159 PM  29    1997  46     14       56
  AVERAGE         70                        57     13       71

PRECIPITATION (IN)
  YESTERDAY        T             2.01 2015   0.12  -0.12     0.00
  MONTH TO DATE    2.37                      1.75   0.62     1.11
  SINCE MAR 1      9.34                      5.87   3.47     5.53
  SINCE JAN 1     19.26                     13.23   6.03    13.10

SNOWFALL (IN)
  YESTERDAY        0.0           T    2008   0.1   -0.1      0.0
  MONTH TO DATE    0.4                       0.8   -0.4      0.0
  SINCE MAR 1     11.8                       3.7    8.1      0.2
  SINCE JUL 1     22.2                      23.3   -1.1      4.8
  SNOW DEPTH       0

DEGREE DAYS
 HEATING
  YESTERDAY        0                         9     -9        0
  MONTH TO DATE  209                       154     55       80
  SINCE MAR 1    861                       707    154      588
  SINCE JUL 1   3963                      4007    -44     3080

 COOLING
  YESTERDAY        5                         1      4        6
  MONTH TO DATE   13                        14     -1       24
  SINCE MAR 1     13                        21     -8       30
  SINCE JAN 1     25                        21      4       32
..................................................................

WIND (MPH)
  HIGHEST WIND SPEED    17   HIGHEST WIND DIRECTION     S (190)
  HIGHEST GUST SPEED    34   HIGHEST GUST DIRECTION    SW (220)
  AVERAGE WIND SPEED     6.3

SKY COVER
  POSSIBLE SUNSHINE  MM
  AVERAGE SKY COVER 0.4

WEATHER CONDITIONS
 THE FOLLOWING WEATHER WAS RECORDED YESTERDAY.
  LIGHT RAIN

RELATIVE HUMIDITY (PERCENT)
 HIGHEST    84          1000 PM
 LOWEST     39          1200 AM
 AVERAGE    62
..........................................................

THE JACKSON KY CLIMATE NORMALS FOR TODAY
                         NORMAL    RECORD    YEAR
 MAXIMUM TEMPERATURE (F)   68        86      2006
 MINIMUM TEMPERATURE (F)   47        30      2014

SUNRISE AND SUNSET
APRIL 15 2018.........SUNRISE   658 AM EDT   SUNSET   809 PM EDT
APRIL 16 2018.........SUNRISE   657 AM EDT   SUNSET   810 PM EDT

-  INDICATES NEGATIVE NUMBERS.
R  INDICATES RECORD WAS SET OR TIED.
MM INDICATES DATA IS MISSING.
T  INDICATES TRACE AMOUNT.

$$

CGAL
