022
CDUS43 KJKL 122019
CLIJKL

CLIMATE REPORT
NATIONAL WEATHER SERVICE JACKSON KY
419 PM EDT THU APR 12 2018

...................................

...THE JACKSON KY CLIMATE SUMMARY FOR APRIL 12 2018...
VALID TODAY AS OF 0400 PM LOCAL TIME.

CLIMATE NORMAL PERIOD 1981 TO 2010
CLIMATE RECORD PERIOD 1981 TO 2018

WEATHER ITEM   OBSERVED TIME   RECORD YEAR NORMAL DEPARTURE LAST
                VALUE   (LST)  VALUE       VALUE  FROM      YEAR
                                                  NORMAL
..................................................................
TEMPERATURE (F)
 TODAY
  MAXIMUM         79    155 PM  83    2014  67     12       74
  MINIMUM         50    524 AM  30    2012  46      4       56
  AVERAGE         65                        56      9       65

PRECIPITATION (IN)
  TODAY            0.00          0.95 2011   0.12  -0.12     0.02
  MONTH TO DATE    2.37                      1.50   0.87     1.11
  SINCE MAR 1      9.34                      5.62   3.72     5.53
  SINCE JAN 1     19.26                     12.98   6.28    13.10

SNOWFALL (IN)
  TODAY            0.0           0.0  2002   0.1   -0.1      0.0
  MONTH TO DATE    0.4                       0.7   -0.3      0.0
  SINCE MAR 1     11.8                       3.6    8.2      0.2
  SINCE JUL 1     22.2                      23.2   -1.0      4.8
  SNOW DEPTH       0

DEGREE DAYS
 HEATING
  TODAY            0                        10    -10        0
  MONTH TO DATE  209                       136     73       80
  SINCE MAR 1    861                       689    172      588
  SINCE JUL 1   3963                      3989    -26     3080

 COOLING
  TODAY            0                         1     -1        0
  MONTH TO DATE    0                        12    -12       16
  SINCE MAR 1      0                        19    -19       22
  SINCE JAN 1     12                        19     -7       24
..................................................................

WIND (MPH)
  HIGHEST WIND SPEED    18   HIGHEST WIND DIRECTION    SW (230)
  HIGHEST GUST SPEED    33   HIGHEST GUST DIRECTION    SW (240)
  AVERAGE WIND SPEED     7.2

SKY COVER
  POSSIBLE SUNSHINE  MM
  AVERAGE SKY COVER 0.0

WEATHER CONDITIONS
 THE FOLLOWING WEATHER WAS RECORDED TODAY.
  NO SIGNIFICANT WEATHER WAS OBSERVED.

RELATIVE HUMIDITY (PERCENT)
 HIGHEST    54           700 AM
 LOWEST     21           200 PM
 AVERAGE    38
..........................................................

THE JACKSON KY CLIMATE NORMALS FOR TOMORROW
                         NORMAL    RECORD    YEAR
 MAXIMUM TEMPERATURE (F)   68        85      2014
 MINIMUM TEMPERATURE (F)   46        33      1990

SUNRISE AND SUNSET
APRIL 12 2018.........SUNRISE   703 AM EDT   SUNSET   806 PM EDT
APRIL 13 2018.........SUNRISE   701 AM EDT   SUNSET   807 PM EDT

-  INDICATES NEGATIVE NUMBERS.
R  INDICATES RECORD WAS SET OR TIED.
MM INDICATES DATA IS MISSING.
T  INDICATES TRACE AMOUNT.

$$

TAB
