423
CDUS43 KJKL 140531
CLIJKL

CLIMATE REPORT
NATIONAL WEATHER SERVICE JACKSON KY
131 AM EDT MON MAY 14 2018

...................................

...THE JACKSON KY CLIMATE SUMMARY FOR MAY 13 2018...

CLIMATE NORMAL PERIOD 1981 TO 2010
CLIMATE RECORD PERIOD 1981 TO 2018

WEATHER ITEM   OBSERVED TIME   RECORD YEAR NORMAL DEPARTURE LAST
                VALUE   (LST)  VALUE       VALUE  FROM      YEAR
                                                  NORMAL
..................................................................
TEMPERATURE (F)
 YESTERDAY
  MAXIMUM         88    318 PM  90    1982  74     14       71
  MINIMUM         63    621 AM  37    2013  54      9       53
  AVERAGE         76                        64     12       62

PRECIPITATION (IN)
  YESTERDAY        0.00          2.22 1995   0.17  -0.17     0.00
  MONTH TO DATE    2.75                      2.09   0.66     2.45
  SINCE MAR 1     13.84                     10.04   3.80    10.89
  SINCE JAN 1     23.76                     17.40   6.36    18.46

SNOWFALL (IN)
  YESTERDAY        0.0                       0.0    0.0      0.0
  MONTH TO DATE    0.0                       0.0    0.0      0.0
  SINCE MAR 1     12.1                       3.9    8.2      0.2
  SINCE JUL 1     22.5                      23.5   -1.0      4.8
  SNOW DEPTH       0

DEGREE DAYS
 HEATING
  YESTERDAY        0                         4     -4        3
  MONTH TO DATE    3                        56    -53       74
  SINCE MAR 1   1038                       877    161      703
  SINCE JUL 1   4140                      4177    -37     3195

 COOLING
  YESTERDAY       11                         3      8        0
  MONTH TO DATE   79                        28     51       13
  SINCE MAR 1     92                        74     18      109
  SINCE JAN 1    104                        74     30      111
..................................................................

WIND (MPH)
  HIGHEST WIND SPEED     9   HIGHEST WIND DIRECTION    SW (220)
  HIGHEST GUST SPEED    21   HIGHEST GUST DIRECTION    SW (220)
  AVERAGE WIND SPEED     1.2

SKY COVER
  POSSIBLE SUNSHINE  MM
  AVERAGE SKY COVER 0.1

WEATHER CONDITIONS
 THE FOLLOWING WEATHER WAS RECORDED YESTERDAY.
  NO SIGNIFICANT WEATHER WAS OBSERVED.

RELATIVE HUMIDITY (PERCENT)
 HIGHEST    84           600 AM
 LOWEST     42           400 PM
 AVERAGE    63
..........................................................

THE JACKSON KY CLIMATE NORMALS FOR TODAY
                         NORMAL    RECORD    YEAR
 MAXIMUM TEMPERATURE (F)   74        89      1982
 MINIMUM TEMPERATURE (F)   54        36      1996

SUNRISE AND SUNSET
MAY 14 2018...........SUNRISE   625 AM EDT   SUNSET   835 PM EDT
MAY 15 2018...........SUNRISE   624 AM EDT   SUNSET   836 PM EDT

-  INDICATES NEGATIVE NUMBERS.
R  INDICATES RECORD WAS SET OR TIED.
MM INDICATES DATA IS MISSING.
T  INDICATES TRACE AMOUNT.

$$

CGAL
