471
CDUS43 KJKL 102025
CLIJKL

CLIMATE REPORT
NATIONAL WEATHER SERVICE JACKSON KY
425 PM EDT THU MAY 10 2018

...................................

...THE JACKSON KY CLIMATE SUMMARY FOR MAY 10 2018...
VALID TODAY AS OF 0400 PM LOCAL TIME.

CLIMATE NORMAL PERIOD 1981 TO 2010
CLIMATE RECORD PERIOD 1981 TO 2018


WEATHER ITEM   OBSERVED TIME   RECORD YEAR NORMAL DEPARTURE LAST
                VALUE   (LST)  VALUE       VALUE  FROM      YEAR
                                                  NORMAL
..................................................................

TEMPERATURE (F)
 TODAY
  MAXIMUM         83    259 PM  87    2015  73     10       84
  MINIMUM         68    455 AM  38    2010  53     15       59
  AVERAGE         76                        63     13       72

PRECIPITATION (IN)
  TODAY            T             1.32 1993   0.17  -0.17     0.00
  MONTH TO DATE    2.75                      1.58   1.17     1.51
  SINCE MAR 1     13.84                      9.53   4.31     9.95
  SINCE JAN 1     23.76                     16.89   6.87    17.52

SNOWFALL (IN)
  TODAY            0.0                       0.0    0.0      0.0
  MONTH TO DATE    0.0                       0.0    0.0      0.0
  SINCE MAR 1     12.1                       3.9    8.2      0.2
  SINCE JUL 1     22.5                      23.5   -1.0      4.8
  SNOW DEPTH       0

DEGREE DAYS
 HEATING
  TODAY            0                         4     -4        0
  MONTH TO DATE    3                        44    -41       66
  SINCE MAR 1   1038                       865    173      695
  SINCE JUL 1   4140                      4165    -25     3187

 COOLING
  TODAY           11                         2      9        7
  MONTH TO DATE   46                        20     26        7
  SINCE MAR 1     59                        66     -7      103
  SINCE JAN 1     71                        66      5      105
..................................................................

WIND (MPH)
  HIGHEST WIND SPEED    15   HIGHEST WIND DIRECTION     W (260)
  HIGHEST GUST SPEED    29   HIGHEST GUST DIRECTION     W (250)
  AVERAGE WIND SPEED     4.2


SKY COVER
  POSSIBLE SUNSHINE  MM
  AVERAGE SKY COVER 0.4


WEATHER CONDITIONS
 THE FOLLOWING WEATHER WAS RECORDED TODAY.
  NO SIGNIFICANT WEATHER WAS OBSERVED.


RELATIVE HUMIDITY (PERCENT)
 HIGHEST    70           800 AM
 LOWEST     34           200 PM
 AVERAGE    52
..........................................................

THE JACKSON KY CLIMATE NORMALS FOR TOMORROW
                         NORMAL    RECORD    YEAR
 MAXIMUM TEMPERATURE (F)   74        89      2015
 MINIMUM TEMPERATURE (F)   54        40      1997


SUNRISE AND SUNSET
MAY 10 2018...........SUNRISE   628 AM EDT   SUNSET   832 PM EDT
MAY 11 2018...........SUNRISE   627 AM EDT   SUNSET   832 PM EDT


-  INDICATES NEGATIVE NUMBERS.
R  INDICATES RECORD WAS SET OR TIED.
MM INDICATES DATA IS MISSING.
T  INDICATES TRACE AMOUNT.
$$
