234
CDUS43 KJKL 191043 CCA
CLIJKL

CLIMATE REPORT...CORRECTION
NATIONAL WEATHER SERVICE JACKSON KY
447 AM EDT THU APR 19 2018

...................................

...THE JACKSON KY CLIMATE SUMMARY FOR APRIL 18 2018...

CLIMATE NORMAL PERIOD 1981 TO 2010
CLIMATE RECORD PERIOD 1981 TO 2018

WEATHER ITEM   OBSERVED TIME   RECORD YEAR NORMAL DEPARTURE LAST
                VALUE   (LST)  VALUE       VALUE  FROM      YEAR
                                                  NORMAL
..................................................................
TEMPERATURE (F)
 YESTERDAY
  MAXIMUM         83    315 PM  88    2002  69     14       71
                                      1985
  MINIMUM         40    705 AM  28    1983  48     -8       58
  AVERAGE         62                        58      4       65

PRECIPITATION (IN)
  YESTERDAY        0.01          1.37 1998   0.12  -0.11      T
  MONTH TO DATE    3.16                      2.23   0.93     1.39
  SINCE MAR 1     10.13                      6.35   3.78     5.81
  SINCE JAN 1     20.05                     13.71   6.34    13.38

SNOWFALL (IN)
  YESTERDAY        0.0           0.1  1983   0.0    0.0      0.0
  MONTH TO DATE    0.7                       0.9   -0.2      0.0
  SINCE MAR 1     12.1                       3.8    8.3      0.2
  SINCE JUL 1     22.5                      23.4   -0.9      4.8
  SNOW DEPTH       0

DEGREE DAYS
 HEATING
  YESTERDAY        3                         8     -5        0
  MONTH TO DATE  269                       188     81       81
  SINCE MAR 1    921                       741    180      589
  SINCE JUL 1   4023                      4041    -18     3081

 COOLING
  YESTERDAY        0                         1     -1        0
  MONTH TO DATE   13                        18     -5       40
  SINCE MAR 1     13                        25    -12       46
  SINCE JAN 1     25                        25      0       48
..................................................................

WIND (MPH)
  HIGHEST WIND SPEED    17   HIGHEST WIND DIRECTION    NW (310)
  HIGHEST GUST SPEED    33   HIGHEST GUST DIRECTION     N (340)
  AVERAGE WIND SPEED     5.6

SKY COVER
  POSSIBLE SUNSHINE  MM
  AVERAGE SKY COVER 0.3

WEATHER CONDITIONS
 THE FOLLOWING WEATHER WAS RECORDED YESTERDAY.
  LIGHT RAIN
  FOG


RELATIVE HUMIDITY (PERCENT)
 HIGHEST    70           300 AM
 LOWEST     31           300 PM
 AVERAGE    51

..........................................................

THE JACKSON KY CLIMATE NORMALS FOR TODAY
                         NORMAL    RECORD    YEAR
 MAXIMUM TEMPERATURE (F)   69        89      2002
 MINIMUM TEMPERATURE (F)   48        24      1983

SUNRISE AND SUNSET
APRIL 19 2018.........SUNRISE   653 AM EDT   SUNSET   812 PM EDT
APRIL 20 2018.........SUNRISE   652 AM EDT   SUNSET   813 PM EDT

-  INDICATES NEGATIVE NUMBERS.
R  INDICATES RECORD WAS SET OR TIED.
MM INDICATES DATA IS MISSING.
T  INDICATES TRACE AMOUNT.

$$

...CORRECTED TO ADD MISSING SNOWFALL...
