000
CDUS43 KJKL 140542
CLIJKL

CLIMATE REPORT
NATIONAL WEATHER SERVICE JACKSON KY
141 AM EDT SAT APR 14 2018
...................................

...THE JACKSON KY CLIMATE SUMMARY FOR APRIL 13 2018...

CLIMATE NORMAL PERIOD 1981 TO 2010
CLIMATE RECORD PERIOD 1981 TO 2018

WEATHER ITEM   OBSERVED TIME   RECORD YEAR NORMAL DEPARTURE LAST
                VALUE   (LST)  VALUE       VALUE  FROM      YEAR
                                                  NORMAL
..................................................................
TEMPERATURE (F)
 YESTERDAY
  MAXIMUM         83    301 PM  85    2014  68     15       81
  MINIMUM         62    706 AM  33    1990  46     16       52
  AVERAGE         73                        57     16       67

PRECIPITATION (IN)
  YESTERDAY        0.00          1.25 2004   0.13  -0.13     0.00
  MONTH TO DATE    2.37                      1.63   0.74     1.11
  SINCE MAR 1      9.34                      5.75   3.59     5.53
  SINCE JAN 1     19.26                     13.11   6.15    13.10

SNOWFALL (IN)
  YESTERDAY        0.0           T    2008   0.0    0.0      0.0
                                      1997
  MONTH TO DATE    0.4                       0.7   -0.3      0.0
  SINCE MAR 1     11.8                       3.6    8.2      0.2
  SINCE JUL 1     22.2                      23.2   -1.0      4.8
  SNOW DEPTH       0

DEGREE DAYS
 HEATING
  YESTERDAY        0                         9     -9        0
  MONTH TO DATE  209                       145     64       80
  SINCE MAR 1    861                       698    163      588
  SINCE JUL 1   3963                      3998    -35     3080

 COOLING
  YESTERDAY        8                         1      7        2
  MONTH TO DATE    8                        13     -5       18
  SINCE MAR 1      8                        20    -12       24
  SINCE JAN 1     20                        20      0       26
..................................................................

WIND (MPH)
  HIGHEST WIND SPEED    15   HIGHEST WIND DIRECTION     S (190)
  HIGHEST GUST SPEED    27   HIGHEST GUST DIRECTION     S (160)
  AVERAGE WIND SPEED     7.4

SKY COVER
  POSSIBLE SUNSHINE  MM
  AVERAGE SKY COVER 0.0

WEATHER CONDITIONS
 THE FOLLOWING WEATHER WAS RECORDED YESTERDAY.
  NO SIGNIFICANT WEATHER WAS OBSERVED.

RELATIVE HUMIDITY (PERCENT)
 HIGHEST    43           700 AM
 LOWEST     21           600 PM
 AVERAGE    32
..........................................................

THE JACKSON KY CLIMATE NORMALS FOR TODAY
                         NORMAL    RECORD    YEAR
 MAXIMUM TEMPERATURE (F)   68        87      2006
 MINIMUM TEMPERATURE (F)   46        29      1997

SUNRISE AND SUNSET
APRIL 14 2018.........SUNRISE   700 AM EDT   SUNSET   808 PM EDT
APRIL 15 2018.........SUNRISE   658 AM EDT   SUNSET   809 PM EDT

-  INDICATES NEGATIVE NUMBERS.
R  INDICATES RECORD WAS SET OR TIED.
MM INDICATES DATA IS MISSING.
T  INDICATES TRACE AMOUNT.

$$
