131
CDUS43 KJKL 110528
CLIJKL

CLIMATE REPORT
NATIONAL WEATHER SERVICE JACKSON KY
128 AM EDT WED APR 11 2018

...................................

...THE JACKSON KY CLIMATE SUMMARY FOR APRIL 10 2018...

CLIMATE NORMAL PERIOD 1981 TO 2010
CLIMATE RECORD PERIOD 1981 TO 2018

WEATHER ITEM   OBSERVED TIME   RECORD YEAR NORMAL DEPARTURE LAST
                VALUE   (LST)  VALUE       VALUE  FROM      YEAR
                                                  NORMAL
..................................................................
TEMPERATURE (F)
 YESTERDAY
  MAXIMUM         54    217 PM  88    2011  67    -13       84
                                      2001
                                      1995
  MINIMUM         34    632 AM  26    1985  45    -11       61
  AVERAGE         44                        56    -12       73

PRECIPITATION (IN)
  YESTERDAY        0.00          0.71 2015   0.13  -0.13     0.00
  MONTH TO DATE    2.37                      1.25   1.12     1.04
  SINCE MAR 1      9.34                      5.37   3.97     5.46
  SINCE JAN 1     19.26                     12.73   6.53    13.03

SNOWFALL (IN)
  YESTERDAY        0.0           0.0  2002   0.1   -0.1      0.0
  MONTH TO DATE    0.4                       0.6   -0.2      0.0
  SINCE MAR 1     11.8                       3.5    8.3      0.2
  SINCE JUL 1     22.2                      23.1   -0.9      4.8
  SNOW DEPTH       0

DEGREE DAYS
 HEATING
  YESTERDAY       21                        10     11        0
  MONTH TO DATE  194                       116     78       80
  SINCE MAR 1    846                       669    177      588
  SINCE JUL 1   3948                      3969    -21     3080

 COOLING
  YESTERDAY        0                         1     -1        8
  MONTH TO DATE    0                        10    -10       11
  SINCE MAR 1      0                        17    -17       17
  SINCE JAN 1     12                        17     -5       19
..................................................................

WIND (MPH)
  HIGHEST WIND SPEED    10   HIGHEST WIND DIRECTION    NW (330)
  HIGHEST GUST SPEED    16   HIGHEST GUST DIRECTION    NW (320)
  AVERAGE WIND SPEED     2.2

SKY COVER
  POSSIBLE SUNSHINE  MM
  AVERAGE SKY COVER 0.7

WEATHER CONDITIONS
 THE FOLLOWING WEATHER WAS RECORDED YESTERDAY.
  NO SIGNIFICANT WEATHER WAS OBSERVED.

RELATIVE HUMIDITY (PERCENT)
 HIGHEST    82           100 AM
 LOWEST     38           400 PM
 AVERAGE    60
..........................................................

THE JACKSON KY CLIMATE NORMALS FOR TODAY
                         NORMAL    RECORD    YEAR
 MAXIMUM TEMPERATURE (F)   67        85      2011
                                             2001
 MINIMUM TEMPERATURE (F)   45        27      1989

SUNRISE AND SUNSET
APRIL 11 2018.........SUNRISE   704 AM EDT   SUNSET   805 PM EDT
APRIL 12 2018.........SUNRISE   703 AM EDT   SUNSET   806 PM EDT

-  INDICATES NEGATIVE NUMBERS.
R  INDICATES RECORD WAS SET OR TIED.
MM INDICATES DATA IS MISSING.
T  INDICATES TRACE AMOUNT.

$$

GEOGERIAN
