000
CDUS43 KJKL 090528
CLIJKL

CLIMATE REPORT
NATIONAL WEATHER SERVICE JACKSON KY
128 AM EDT MON APR 9 2018

...................................

...THE JACKSON KY CLIMATE SUMMARY FOR APRIL 8 2018...

CLIMATE NORMAL PERIOD 1981 TO 2010
CLIMATE RECORD PERIOD 1981 TO 2018


WEATHER ITEM   OBSERVED TIME   RECORD YEAR NORMAL DEPARTURE LAST
                VALUE   (LST)  VALUE       VALUE  FROM      YEAR
                                                  NORMAL
..................................................................
TEMPERATURE (F)
 YESTERDAY
  MAXIMUM         48    412 PM  87    2001  66    -18       66
  MINIMUM         25    548 AM  21    2007  44    -19       36
  AVERAGE         37                        55    -18       51

PRECIPITATION (IN)
  YESTERDAY        0.00          1.00 2011   0.13  -0.13     0.00
  MONTH TO DATE    2.32                      0.99   1.33     1.04
  SINCE MAR 1      9.29                      5.11   4.18     5.46
  SINCE JAN 1     19.21                     12.47   6.74    13.03

SNOWFALL (IN)
  YESTERDAY        0.0           0.4  1982   0.1   -0.1      0.0
  MONTH TO DATE    0.2                       0.5   -0.3      0.0
  SINCE MAR 1     11.6                       3.4    8.2      0.2
  SINCE JUL 1     22.0                      23.0   -1.0      4.8
  SNOW DEPTH       0

DEGREE DAYS
 HEATING
  YESTERDAY       28                        11     17       14
  MONTH TO DATE  150                        95     55       78
  SINCE MAR 1    802                       648    154      586
  SINCE JUL 1   3904                      3948    -44     3078

 COOLING
  YESTERDAY        0                         1     -1        0
  MONTH TO DATE    0                         8     -8        3
  SINCE MAR 1      0                        15    -15        9
  SINCE JAN 1     12                        15     -3       11
..................................................................


WIND (MPH)
  HIGHEST WIND SPEED     8   HIGHEST WIND DIRECTION    NW (300)
  HIGHEST GUST SPEED    14   HIGHEST GUST DIRECTION     W (250)
  AVERAGE WIND SPEED     2.1


SKY COVER
  POSSIBLE SUNSHINE  MM
  AVERAGE SKY COVER 0.2


WEATHER CONDITIONS
 THE FOLLOWING WEATHER WAS RECORDED YESTERDAY.
  NO SIGNIFICANT WEATHER WAS OBSERVED.


RELATIVE HUMIDITY (PERCENT)
 HIGHEST    78           800 AM
 LOWEST     33           400 PM
 AVERAGE    56

..........................................................


THE JACKSON KY CLIMATE NORMALS FOR TODAY
                         NORMAL    RECORD    YEAR
 MAXIMUM TEMPERATURE (F)   66        86      2001
 MINIMUM TEMPERATURE (F)   45        24      1997
                                             1985


SUNRISE AND SUNSET
APRIL  9 2018.........SUNRISE   707 AM EDT   SUNSET   803 PM EDT
APRIL 10 2018.........SUNRISE   705 AM EDT   SUNSET   804 PM EDT


-  INDICATES NEGATIVE NUMBERS.
R  INDICATES RECORD WAS SET OR TIED.
MM INDICATES DATA IS MISSING.
T  INDICATES TRACE AMOUNT.




$$
