000
CDUS43 KJKL 012020
CLIJKL

CLIMATE REPORT
NATIONAL WEATHER SERVICE JACKSON KY
419 PM EDT SUN APR 1 2018

...................................

...THE JACKSON KY CLIMATE SUMMARY FOR APRIL 1 2018...
VALID TODAY AS OF 0400 PM LOCAL TIME.

CLIMATE NORMAL PERIOD 1981 TO 2010
CLIMATE RECORD PERIOD 1981 TO 2018

WEATHER ITEM   OBSERVED TIME   RECORD YEAR NORMAL DEPARTURE LAST
                VALUE   (LST)  VALUE       VALUE  FROM      YEAR
                                                  NORMAL
..................................................................
TEMPERATURE (F)
 TODAY
  MAXIMUM         58   1258 PM  86    2010  64     -6       52
  MINIMUM         49    806 AM  24    1987  42      7       43
  AVERAGE         54                        53      1       48

PRECIPITATION (IN)
  TODAY            0.02          1.46 2005   0.12  -0.10      T
  MONTH TO DATE    0.02                      0.12  -0.10      T
  SINCE MAR 1      6.99                      4.24   2.75     4.42
  SINCE JAN 1     16.91                     11.60   5.31    11.99

SNOWFALL (IN)
  TODAY            0.0           2.8  1996   0.1   -0.1      0.0
  MONTH TO DATE    0.0                       0.1   -0.1      0.0
  SINCE MAR 1     11.4                       3.0    8.4      0.2
  SINCE JUL 1     21.8                      22.6   -0.8      4.8
  SNOW DEPTH       0

DEGREE DAYS
 HEATING
  TODAY           11                        13     -2       17
  MONTH TO DATE   11                        13     -2       17
  SINCE MAR 1    663                       566     97      525
  SINCE JUL 1   3765                      3866   -101     3017

 COOLING
  TODAY            0                         1     -1        0
  MONTH TO DATE    0                         1     -1        0
  SINCE MAR 1      0                         8     -8        6
  SINCE JAN 1     12                         8      4        8
..................................................................

WIND (MPH)
  HIGHEST WIND SPEED    12   HIGHEST WIND DIRECTION    NW (300)
  HIGHEST GUST SPEED    17   HIGHEST GUST DIRECTION    NW (310)
  AVERAGE WIND SPEED     3.3

SKY COVER
  POSSIBLE SUNSHINE  MM
  AVERAGE SKY COVER 1.0

WEATHER CONDITIONS
 THE FOLLOWING WEATHER WAS RECORDED TODAY.
  LIGHT RAIN

RELATIVE HUMIDITY (PERCENT)
 HIGHEST    80           800 AM
 LOWEST     40          1200 AM
 AVERAGE    60
..........................................................

THE JACKSON KY CLIMATE NORMALS FOR TOMORROW
                         NORMAL    RECORD    YEAR
 MAXIMUM TEMPERATURE (F)   64        89      2010
 MINIMUM TEMPERATURE (F)   43        28      1996
                                             1992

SUNRISE AND SUNSET
APRIL  1 2018.........SUNRISE   719 AM EDT   SUNSET   756 PM EDT
APRIL  2 2018.........SUNRISE   717 AM EDT   SUNSET   757 PM EDT

-  INDICATES NEGATIVE NUMBERS.
R  INDICATES RECORD WAS SET OR TIED.
MM INDICATES DATA IS MISSING.
T  INDICATES TRACE AMOUNT.

$$

TAB
