614
CDUS43 KJKL 220533
CLIJKL

CLIMATE REPORT
NATIONAL WEATHER SERVICE JACKSON KY
133 AM EDT SUN APR 22 2018

...................................

...THE JACKSON KY CLIMATE SUMMARY FOR APRIL 21 2018...

CLIMATE NORMAL PERIOD 1981 TO 2010
CLIMATE RECORD PERIOD 1981 TO 2018

WEATHER ITEM   OBSERVED TIME   RECORD YEAR NORMAL DEPARTURE LAST
                VALUE   (LST)  VALUE       VALUE  FROM      YEAR
                                                  NORMAL
..................................................................
TEMPERATURE (F)
 YESTERDAY
  MAXIMUM         72    401 PM  89    1985  70      2       73
  MINIMUM         41    637 AM  34    1993  48     -7       55
                                      1983
                                      1981
  AVERAGE         57                        59     -2       64

PRECIPITATION (IN)
  YESTERDAY        0.00          0.77 2002   0.12  -0.12     0.13
  MONTH TO DATE    3.21                      2.61   0.60     2.80
  SINCE MAR 1     10.18                      6.73   3.45     7.22
  SINCE JAN 1     20.10                     14.09   6.01    14.79

SNOWFALL (IN)
  YESTERDAY        0.0           T    1993   0.1   -0.1      0.0
  MONTH TO DATE    0.7                       1.0   -0.3      0.0
  SINCE MAR 1     12.1                       3.9    8.2      0.2
  SINCE JUL 1     22.5                      23.5   -1.0      4.8
  SNOW DEPTH       0

DEGREE DAYS
 HEATING
  YESTERDAY        8                         8      0        1
  MONTH TO DATE  311                       212     99       82
  SINCE MAR 1    963                       765    198      590
  SINCE JUL 1   4065                      4065      0     3082

 COOLING
  YESTERDAY        0                         2     -2        0
  MONTH TO DATE   13                        23    -10       52
  SINCE MAR 1     13                        30    -17       58
  SINCE JAN 1     25                        30     -5       60
..................................................................

WIND (MPH)
  HIGHEST WIND SPEED     8   HIGHEST WIND DIRECTION    NE (50)
  HIGHEST GUST SPEED    15   HIGHEST GUST DIRECTION    NE (40)
  AVERAGE WIND SPEED     4.5

SKY COVER
  POSSIBLE SUNSHINE  MM
  AVERAGE SKY COVER 0.0

WEATHER CONDITIONS
 THE FOLLOWING WEATHER WAS RECORDED YESTERDAY.
  NO SIGNIFICANT WEATHER WAS OBSERVED.

RELATIVE HUMIDITY (PERCENT)
 HIGHEST    49           700 AM
 LOWEST     16           400 PM
 AVERAGE    33
..........................................................

THE JACKSON KY CLIMATE NORMALS FOR TODAY
                         NORMAL    RECORD    YEAR
 MAXIMUM TEMPERATURE (F)   70        89      1985
 MINIMUM TEMPERATURE (F)   49        29      1986

SUNRISE AND SUNSET
APRIL 22 2018.........SUNRISE   649 AM EDT   SUNSET   815 PM EDT
APRIL 23 2018.........SUNRISE   648 AM EDT   SUNSET   816 PM EDT

-  INDICATES NEGATIVE NUMBERS.
R  INDICATES RECORD WAS SET OR TIED.
MM INDICATES DATA IS MISSING.
T  INDICATES TRACE AMOUNT.

$$

CGAL
