000
CXUS53 KJKL 011504
CLMJKL
CLIMATE REPORT
NATIONAL WEATHER SERVICE JACKSON KY
1104 AM EDT SAT APR 01 2023
...................................
...THE JACKSON KY CLIMATE SUMMARY FOR THE MONTH OF MARCH 2023...
CLIMATE NORMAL PERIOD 1991 TO 2020
CLIMATE RECORD PERIOD 1981 TO 2023
WEATHER OBSERVED NORMAL DEPART LAST YEAR`S
VALUE DATE(S) VALUE FROM VALUE DATE(S)
NORMAL
................................................................
TEMPERATURE (F)
RECORD
HIGH 87 03/28/1989
LOW 7 03/09/1996
HIGHEST 81 03/23 79 2 82 03/30
LOWEST 20 03/19 18 2 15 03/13
03/20
AVG. MAXIMUM 58.9 58.0 0.9 62.3
AVG. MINIMUM 37.9 37.6 0.3 39.7
MEAN 48.4 47.8 0.6 51.0
DAYS MAX >= 90 0 0.0 0.0 0
DAYS MAX <= 32 0 0.8 -0.8 1
DAYS MIN <= 32 9 11.4 -2.4 7
DAYS MIN <= 0 0 0.0 0.0 0
PRECIPITATION (INCHES)
RECORD
MAXIMUM 11.78 1994
MINIMUM 1.47 2003
TOTALS 4.09 4.71 -0.62 2.21
DAILY AVG. 0.13 0.15 -0.02 0.07
DAYS >= .01 13 14.4 -1.4 9
DAYS >= .10 9 8.8 0.2 5
DAYS >= .50 2 3.3 -1.3 2
DAYS >= 1.00 1 1.2 -0.2 0
GREATEST
24 HR. TOTAL 1.37 03/31 TO 03/31 0.96
SNOWFALL (INCHES)
RECORDS
TOTAL 21.9 1993
TOTALS 0.3 4.0 -3.7 6.3
SINCE 7/1 3.4 23.0 -19.6 22.1
SNOWDEPTH AVG. T 0
DAYS >= 1.0 0 1.1 -1.1 1
GREATEST
SNOW DEPTH T 03/14 6
03/19
24 HR TOTAL 0.2 03/19 TO 03/19 6.3
DEGREE DAYS
HEATING TOTAL 509 541 -32 428
SINCE 7/1 3145 3725 -580 3260
COOLING TOTAL 3 8 -5 3
SINCE 1/1 6 9 -3 3
................................................................
WIND (MPH)
AVERAGE WIND SPEED 5.4
HIGHEST WIND SPEED/DIRECTION 29/240 DATE 03/03
HIGHEST GUST SPEED/DIRECTION 65/250 DATE 03/03
SKY COVER
POSSIBLE SUNSHINE (PERCENT) MM
AVERAGE SKY COVER 0.47
NUMBER OF DAYS FAIR 13
NUMBER OF DAYS PC 7
NUMBER OF DAYS CLOUDY 11
AVERAGE RH (PERCENT) 57
WEATHER CONDITIONS. NUMBER OF DAYS WITH
THUNDERSTORM 4 MIXED PRECIP 0
HEAVY RAIN 4 RAIN 7
LIGHT RAIN 14 FREEZING RAIN 0
LT FREEZING RAIN 0 HAIL 0
HEAVY SNOW 0 SNOW 0
LIGHT SNOW 5 SLEET 0
FOG 13 FOG W/VIS <= 1/4 MILE 3
HAZE 0
- INDICATES NEGATIVE NUMBERS.
R INDICATES RECORD WAS SET OR TIED.
MM INDICATES DATA IS MISSING.
T INDICATES TRACE AMOUNT.
$$
CARICO