125
CXUS53 KJKL 011720
CLMJKL

CLIMATE REPORT
NATIONAL WEATHER SERVICE JACKSON KY
103 PM EDT SUN APR 1 2018
...................................

...THE JACKSON KY CLIMATE SUMMARY FOR THE MONTH OF MARCH 2018...

CLIMATE NORMAL PERIOD 1981 TO 2010
CLIMATE RECORD PERIOD 1981 TO 2018

WEATHER         OBSERVED          NORMAL  DEPART  LAST YEAR`S
                 VALUE   DATE(S)  VALUE   FROM    VALUE  DATE(S)
                                          NORMAL
................................................................
TEMPERATURE (F)
RECORD
 HIGH              87   03/28/1989
 LOW                7   03/09/1996
HIGHEST            76   03/17        79      -3       81  03/30
LOWEST             23   03/14        18       5       16  03/15
AVG. MAXIMUM     53.3              57.5    -4.2     59.0
AVG. MINIMUM     34.1              37.3    -3.2     38.0
MEAN             43.7              47.4    -3.7     48.5
DAYS MAX >= 90      0               0.0     0.0        0
DAYS MAX <= 32      0               0.6    -0.6        1
DAYS MIN <= 32     19              10.8     8.2       13
DAYS MIN <= 0       0               0.0     0.0        0

PRECIPITATION (INCHES)
RECORD
 MAXIMUM        11.78   1994
 MINIMUM         1.47   2003
TOTALS           6.97              4.12    2.85     4.42
DAILY AVG.       0.22              0.13    0.09     0.14
DAYS >= .01        20              14.0     6.0       12
DAYS >= .10        12               8.5     3.5        8
DAYS >= .50         5               2.7     2.3        5
DAYS >= 1.00        3               0.9     2.1        0
GREATEST
 24 HR. TOTAL    1.80   03/24 TO 03/24              0.92

SNOWFALL (INCHES)
RECORDS
 TOTAL           21.9   1993
TOTALS           11.4               2.9     8.5      0.2
SINCE 7/1        21.8              22.5    -0.7      4.8
SNOWDEPTH AVG.      0                MM      MM        0
DAYS >= 1.0         3               0.7     2.3        0
GREATEST
 SNOW DEPTH         4   03/12                          0
 24 HR TOTAL      5.2   03/12 TO 03/12               0.2

DEGREE_DAYS
HEATING TOTAL     652               553      99      508
 SINCE 7/1       3754              3853     -99     3000
COOLING TOTAL       0                 7      -7        6
 SINCE 1/1         12                 7       5        8
.................................................................

WIND (MPH)
AVERAGE WIND SPEED              5.0
HIGHEST WIND SPEED/DIRECTION    24/300    DATE  03/01
HIGHEST GUST SPEED/DIRECTION    43/310    DATE  03/01

SKY COVER
POSSIBLE SUNSHINE (PERCENT)   MM
AVERAGE SKY COVER           0.60
NUMBER OF DAYS FAIR           10
NUMBER OF DAYS PC              9
NUMBER OF DAYS CLOUDY         12

AVERAGE RH (PERCENT)     66

WEATHER CONDITIONS. NUMBER OF DAYS WITH

THUNDERSTORM              1     MIXED PRECIP               1
HEAVY RAIN                3     RAIN                      22
LIGHT RAIN                5     FREEZING RAIN              2
LT FREEZING RAIN          2     HAIL                       0
HEAVY SNOW                3     SNOW                      11
LIGHT SNOW                8     SLEET                      0
FOG                      21     FOG W/VIS <= 1/4 MILE      7
HAZE                      0




-  INDICATES NEGATIVE NUMBERS.
R  INDICATES RECORD WAS SET OR TIED.
MM INDICATES DATA IS MISSING.
T  INDICATES TRACE AMOUNT.

$$

TAB
