142
CXUS53 KJKL 011426
CLMJKL

CLIMATE REPORT
NATIONAL WEATHER SERVICE JACKSON KY
926 AM EST THU MAR 1 2018

...................................

...THE JACKSON KY CLIMATE SUMMARY FOR THE MONTH OF FEBRUARY 2018...

CLIMATE NORMAL PERIOD 1981 TO 2010
CLIMATE RECORD PERIOD 1981 TO 2018

WEATHER         OBSERVED          NORMAL  DEPART  LAST YEAR`S
                 VALUE   DATE(S)  VALUE   FROM    VALUE  DATE(S)
                                          NORMAL
................................................................
TEMPERATURE (F)
RECORD
 HIGH              80   02/23/2018
                        02/21/2018
                        02/20/2018
 LOW               -8   02/04/1996
HIGHEST            80R  02/23        71       9       79  02/24
                        02/21
                        02/20
LOWEST             13   02/03        10       3       16  02/04
                        02/02
AVG. MAXIMUM     56.2              47.7     8.5     58.1
AVG. MINIMUM     38.3              29.9     8.4     37.7
MEAN             47.2              38.8     8.4     47.9
DAYS MAX >= 90      0               0.0     0.0        0
DAYS MAX <= 32      1               3.1    -2.1        1
DAYS MIN <= 32     11              16.6    -5.6       10
DAYS MIN <= 0       0               0.1    -0.1        0

PRECIPITATION (INCHES)
RECORD
 MAXIMUM         7.89   2003
 MINIMUM         1.20   2007
TOTALS           8.00R             3.75    4.25     2.86
DAILY AVG.       0.29              0.13    0.16     0.10
DAYS >= .01        20              13.1     6.9        7
DAYS >= .10        13               7.8     5.2        5
DAYS >= .50         8               2.4     5.6        3
DAYS >= 1.00        1               0.8     0.2        0
GREATEST
 24 HR. TOTAL    1.35   02/10 TO 02/10              0.95

SNOWFALL (INCHES)
RECORDS
 TOTAL           21.5   2015
TOTALS            2.6               7.0    -4.4        T
SINCE 7/1        10.4              19.6    -9.2      4.6
SNOWDEPTH AVG.      0                MM      MM        0
DAYS >= 1.0         2               2.2    -0.2        0
GREATEST
 SNOW DEPTH         1   02/04                          0
                        02/03
                        02/02
 24 HR TOTAL      1.5   02/01 TO 02/01                 T

DEGREE_DAYS
HEATING TOTAL     501               734    -233      471
 SINCE 7/1       3102              3300    -198     2492
COOLING TOTAL      12                 0      12        2
 SINCE 1/1         12                 0      12        2
.................................................................

WIND (MPH)
AVERAGE WIND SPEED              4.4
HIGHEST WIND SPEED/DIRECTION    20/320    DATE  02/16
HIGHEST GUST SPEED/DIRECTION    39/310    DATE  02/16

SKY COVER
POSSIBLE SUNSHINE (PERCENT)   MM
AVERAGE SKY COVER           0.70
NUMBER OF DAYS FAIR            3
NUMBER OF DAYS PC             12
NUMBER OF DAYS CLOUDY         13

AVERAGE RH (PERCENT)     73

WEATHER CONDITIONS. NUMBER OF DAYS WITH
THUNDERSTORM              1     MIXED PRECIP               0
HEAVY RAIN                7     RAIN                      11
LIGHT RAIN               18     FREEZING RAIN              2
LT FREEZING RAIN          4     HAIL                       0
HEAVY SNOW                0     SNOW                       1
LIGHT SNOW                5     SLEET                      2
FOG                      20     FOG W/VIS <= 1/4 MILE      6
HAZE                      1


-  INDICATES NEGATIVE NUMBERS.
R  INDICATES RECORD WAS SET OR TIED.
MM INDICATES DATA IS MISSING.
T  INDICATES TRACE AMOUNT.

$$

CARICO
