000
CXUS53 KJKL 011419
CLMJKL
CLIMATE REPORT
NATIONAL WEATHER SERVICE JACKSON KY
1019 AM EDT SUN OCT 01 2023
...................................
...THE JACKSON KY CLIMATE SUMMARY FOR THE MONTH OF SEPTEMBER 2023...
CLIMATE NORMAL PERIOD 1991 TO 2020
CLIMATE RECORD PERIOD 1981 TO 2023
WEATHER OBSERVED NORMAL DEPART LAST YEAR`S
VALUE DATE(S) VALUE FROM VALUE DATE(S)
NORMAL
................................................................
TEMPERATURE (F)
RECORD
HIGH 98 09/10/2019
LOW 34 09/24/1989
HIGHEST 87 09/03 89 -2 91 09/21
09/04
09/06
LOWEST 51 09/14 42 9 43 09/28
AVG. MAXIMUM 78.9 79.0 -0.1 77.7
AVG. MINIMUM 60.2 59.1 1.1 58.8
MEAN 69.5 69.1 0.4 68.2
DAYS MAX >= 90 0 2.1 -2.1 1
DAYS MAX <= 32 0 0.0 0.0 0
DAYS MIN <= 32 0 0.0 0.0 0
DAYS MIN <= 0 0 0.0 0.0 0
PRECIPITATION (INCHES)
RECORD
MAXIMUM 9.17 2018
MINIMUM T 2019
TOTALS 1.83 3.42 -1.59 1.31
DAILY AVG. 0.06 0.11 -0.05 0.04
DAYS >= .01 6 8.2 -2.2 10
DAYS >= .10 4 5.6 -1.6 4
DAYS >= .50 2 2.2 -0.2 0
DAYS >= 1.00 0 1.0 -1.0 0
GREATEST
24 HR. TOTAL 1.21 09/16 TO 09/17 0.69
SNOWFALL (INCHES)
RECORDS
TOTAL MM MM
TOTALS 0.0 0.0 0.0 0.0
SINCE 7/1 T 0.0 0.0 MM
SNOWDEPTH AVG. 0 0
DAYS >= 1.0 0 0.0 0.0 0
GREATEST
SNOW DEPTH 0 0
24 HR TOTAL MM MM
DEGREE DAYS
HEATING TOTAL 6 39 -33 48
SINCE 7/1 7 40 -33 48
COOLING TOTAL 149 161 -12 153
SINCE 1/1 1056 1195 -139 1367
................................................................
WIND (MPH)
AVERAGE WIND SPEED 0.8
HIGHEST WIND SPEED/DIRECTION 12/240 DATE 09/06
HIGHEST GUST SPEED/DIRECTION 24/260 DATE 09/06
SKY COVER
POSSIBLE SUNSHINE (PERCENT) MM
AVERAGE SKY COVER 0.31
NUMBER OF DAYS FAIR 18
NUMBER OF DAYS PC 9
NUMBER OF DAYS CLOUDY 3
AVERAGE RH (PERCENT) 78
WEATHER CONDITIONS. NUMBER OF DAYS WITH
THUNDERSTORM 3 MIXED PRECIP 0
HEAVY RAIN 3 RAIN 4
LIGHT RAIN 9 FREEZING RAIN 0
LT FREEZING RAIN 0 HAIL 0
HEAVY SNOW 0 SNOW 0
LIGHT SNOW 0 SLEET 0
FOG 19 FOG W/VIS <= 1/4 MILE 10
HAZE 1
- INDICATES NEGATIVE NUMBERS.
R INDICATES RECORD WAS SET OR TIED.
MM INDICATES DATA IS MISSING.
T INDICATES TRACE AMOUNT.
$$
CARICO