000
CXUS55 KJKL 011000
CF6LOZ
PRELIMINARY LOCAL CLIMATOLOGICAL DATA (WS FORM: F-6)

                                          STATION:   LONDON KY
                                          MONTH:     FEBRUARY
                                          YEAR:      2018
                                          LATITUDE:   37  4 N
                                          LONGITUDE:  84  5 W

  TEMPERATURE IN F:       :PCPN:    SNOW:  WIND      :SUNSHINE: SKY     :PK WND
================================================================================
1   2   3   4   5  6A  6B    7    8   9   10  11  12  13   14  15   16   17  18
                                     12Z  AVG MX 2MIN
DY MAX MIN AVG DEP HDD CDD  WTR  SNW DPTH SPD SPD DIR MIN PSBL S-S WX    SPD DR
================================================================================

 1  49  31  40   3  25   0 0.35    M    M  9.7 17 330   M    M   8 1      26 340
 2  31  15  23 -14  42   0    T    M    M  6.6 15 290   M    M   5        23 300
 3  42  15  29  -8  36   0 0.00    M    M  3.5 12 170   M    M   6        17 180
 4  42  30  36  -1  29   0 0.69    M    M  7.6 23 300   M    M  10 16     35 200
 5  33  19  26 -11  39   0 0.01    M    M  5.5 17 330   M    M   5 6      25 320
 6  41  25  33  -5  32   0 0.21    M    M  2.7  9  30   M    M   9 1      12  30
 7  50  29  40   2  25   0 0.95    M    M  7.8 21 300   M    M  10 1      29 280
 8  41  27  34  -4  31   0 0.00    M    M  3.1 10 280   M    M   4        15 330
 9  61  25  43   5  22   0 0.00    M    M  4.4 20 190   M    M   1        28 190
10  54  41  48  10  17   0 1.84    M    M  4.7 12 180   M    M   9 1      17 140
11  65  37  51  12  14   0 0.71    M    M  7.8 22 280   M    M  10 1      27 300
12  38  32  35  -4  30   0 0.00    M    M  9.0 15  20   M    M   5        23  10
13  52  31  42   3  23   0 0.00    M    M  4.9  9 180   M    M   9 18     16  60
14  63  50  57  18   8   0 0.42    M    M  6.7 15 210   M    M  10 1      23 200
15  74  59  67  27   0   2 0.03    M    M 12.1 21 230   M    M   7 1      33 240
16  69  40  55  15  10   0 0.47    M    M 10.3 25 230   M    M  10 1      39 240
17  45  36  41   1  24   0 0.86    M    M  5.4 16 300   M    M   9 1      23 340
18  56  33  45   5  20   0 0.00    M    M  4.5 13 290   M    M   4        20 290
19  72  52  62  22   3   0 0.06    M    M 10.5 25 220   M    M   6        37 240
20  77  61  69  28   0   4 0.00    M    M 10.5 26 230   M    M   3        38 190
21  75  58  67  26   0   2 0.70    M    M  8.4 23 250   M    M   8 1      34 220
22  69  54  62  21   3   0 0.07    M    M  4.9 17 280   M    M   7 12     26 200
23  77  52  65  23   0   0 0.00    M    M  5.0 21 230   M    M   6 12     31 230
24  68  59  64  22   1   0 0.62    M    M  7.4 24 200   M    M   8 1      36 210
25  70  46  58  16   7   0 0.78    M    M  7.2 32 280   M    M   4 1      46 200
26  59  38  49   7  16   0 0.03    M    M  4.2 10  30   M    M   5        13 350
27  63  32  48   5  17   0 0.00    M    M  3.9 14 180   M    M   0        19 180
28  59  48  54  11  11   0 0.13    M    M  6.6 15 180   M    M   9        22 200
================================================================================
SM 1595 1075       485   8  8.93    M    184.9          M      187
================================================================================
AV 57.0 38.4                               6.6 FASTST   M    M   7    MAX(MPH)
                                 MISC ---->  # 32 280               # 46  200
================================================================================
NOTES:
# LAST OF SEVERAL OCCURRENCES

COLUMN 17 PEAK WIND IN M.P.H.

PRELIMINARY LOCAL CLIMATOLOGICAL DATA (WS FORM: F-6) , PAGE 2

                                          STATION:  LONDON KY
                                          MONTH:    FEBRUARY
                                          YEAR:     2018
                                          LATITUDE:   37  4 N
                                          LONGITUDE:  84  5 W

[TEMPERATURE DATA]      [PRECIPITATION DATA]       SYMBOLS USED IN COLUMN 16

AVERAGE MONTHLY: 47.7   TOTAL FOR MONTH:   8.93    1 = FOG OR MIST
DPTR FM NORMAL:   8.2   DPTR FM NORMAL:    5.22    2 = FOG REDUCING VISIBILITY
HIGHEST:    77 ON 23,20 GRTST 24HR  1.84 ON 10-10      TO 1/4 MILE OR LESS
LOWEST:     15 ON  3, 2                            3 = THUNDER
                        SNOW, ICE PELLETS, HAIL    4 = ICE PELLETS
                        TOTAL MONTH:    M          5 = HAIL
                        GRTST 24HR    M  ON   M    6 = FREEZING RAIN OR DRIZZLE
                        GRTST DEPTH:  M  ON   M    7 = DUSTSTORM OR SANDSTORM:
                                                       VSBY 1/2 MILE OR LESS
                                                   8 = SMOKE OR HAZE
[NO. OF DAYS WITH]      [WEATHER - DAYS WITH]      9 = BLOWING SNOW
                                                   X = TORNADO
MAX 32 OR BELOW:   1    0.01 INCH OR MORE:  18
MAX 90 OR ABOVE:   0    0.10 INCH OR MORE:  13
MIN 32 OR BELOW:  12    0.50 INCH OR MORE:   8
MIN  0 OR BELOW:   0    1.00 INCH OR MORE:   1

[HDD (BASE 65) ]
TOTAL THIS MO.   485    CLEAR  (SCALE 0-3)   2
DPTR FM NORMAL  -228    PTCLDY (SCALE 4-7)  16
TOTAL FM JUL 1  3092    CLOUDY (SCALE 8-10) 10
DPTR FM NORMAL  -184

[CDD (BASE 65) ]
TOTAL THIS MO.     8
DPTR FM NORMAL     8    [PRESSURE DATA]
TOTAL FM JAN 1     8    HIGHEST SLP 30.60 ON 12
DPTR FM NORMAL     8    LOWEST  SLP 29.81 ON  4

[REMARKS]
#FINAL-02-18#
