000
CXUS53 KJKL 011310
CF6LOZ
PRELIMINARY LOCAL CLIMATOLOGICAL DATA (WS FORM: F-6)
STATION: LONDON KY
MONTH: MARCH
YEAR: 2023
LATITUDE: 37 4 N
LONGITUDE: 84 5 W
TEMPERATURE IN F: :PCPN: SNOW: WIND :SUNSHINE: SKY :PK WND
================================================================================
1 2 3 4 5 6A 6B 7 8 9 10 11 12 13 14 15 16 17 18
12Z AVG MX 2MIN
DY MAX MIN AVG DEP HDD CDD WTR SNW DPTH SPD SPD DIR MIN PSBL S-S WX SPD DR
================================================================================
1 79 41 60 17 5 0 T M M 5.8 18 330 M M 1 31 190
2 61 54 58 15 7 0 0.42 M M 4.0 10 360 M M 9 1 15 10
3 72 44 58 14 7 0 0.32 M M 15.7 45 250 M M 7 1 70 260
4 59 38 49 5 16 0 0.00 M M 5.3 23 270 M M 5 31 270
5 66 31 49 5 16 0 0.00 M M 1.8 12 110 M M 0 17 100
6 73 38 56 12 9 0 0.00 M M 5.1 17 240 M M 0 24 220
7 58 40 49 4 16 0 0.00 M M 8.0 17 10 M M 2 28 350
8 46 33 40 -5 25 0 0.00 M M 6.9 13 30 M M 3 19 30
9 65 37 51 6 14 0 0.09 M M 3.5 12 230 M M 6 1 17 250
10 51 37 44 -2 21 0 0.09 M M 10.9 20 280 M M 10 1 28 280
11 51 36 44 -2 21 0 T M M 5.6 12 20 M M 6 18 10
12 43 37 40 -6 25 0 0.23 M M 5.5 13 300 M M 10 1 20 290
13 41 32 37 -9 28 0 T M M 8.1 20 290 M M 10 1 26 290
14 40 26 33 -14 32 0 T M M 8.1 15 330 M M 6 24 320
15 51 20 36 -11 29 0 0.00 M M 1.2 9 30 M M 0 14 30
16 66 26 46 -1 19 0 0.00 M M 6.6 21 200 M M 0 28 210
17 61 32 47 0 18 0 0.39 M M 9.9 28 300 M M 10 1 40 200
18 45 25 35 -13 30 0 0.00 M M 8.9 24 280 M M 3 1 33 250
19 33 21 27 -21 38 0 T M M 5.7 14 350 M M 6 21 340
20 50 16 33 -15 32 0 0.00 M M 1.2 8 140 M M 0 14 140
21 61 24 43 -6 22 0 T M M 4.3 21 210 M M 3 29 200
22 55 44 50 1 15 0 0.16 M M 6.6 12 200 M M 10 1 20 200
23 79 53 66 17 0 1 0.00 M M 10.7 25 260 M M 9 35 250
24 74 59 67 17 0 2 0.10 M M 8.7 25 300 M M 6 1 45 280
25 74 47 61 11 4 0 0.49 M M 14.6 36 260 M M 2 13 53 240
26 74 37 56 6 9 0 0.00 M M 2.7 15 270 M M 0 24 330
27 69 45 57 7 8 0 0.00 M M 7.1 18 270 M M 2 29 280
28 58 39 49 -2 16 0 0.00 M M 5.5 17 330 M M 4 24 350
29 60 30 45 -6 20 0 0.00 M M 2.4 13 330 M M 0 19 300
30 67 31 49 -3 16 0 0.00 M M 1.7 8 130 M M 0 12 110
31 66 50 58 6 7 0 1.20 M M 6.0 15 170 M M 6 138 25 170
================================================================================
SM 1848 1123 525 3 3.49 M 198.1 M 136
================================================================================
AV 59.6 36.2 6.4 FASTST M M 4 MAX(MPH)
MISC ----> 45 250 70 260
================================================================================
NOTES:
# LAST OF SEVERAL OCCURRENCES
COLUMN 17 PEAK WIND IN M.P.H.
PRELIMINARY LOCAL CLIMATOLOGICAL DATA (WS FORM: F-6) , PAGE 2
STATION: LONDON KY
MONTH: MARCH
YEAR: 2023
LATITUDE: 37 4 N
LONGITUDE: 84 5 W
[TEMPERATURE DATA] [PRECIPITATION DATA] SYMBOLS USED IN COLUMN 16
AVERAGE MONTHLY: 47.9 TOTAL FOR MONTH: 3.49 1 = FOG OR MIST
DPTR FM NORMAL: 0.6 DPTR FM NORMAL: -1.08 2 = FOG REDUCING VISIBILITY
HIGHEST: 79 ON 23, 1 GRTST 24HR 1.20 ON 31-31 TO 1/4 MILE OR LESS
LOWEST: 16 ON 20 3 = THUNDER
SNOW, ICE PELLETS, HAIL 4 = ICE PELLETS
TOTAL MONTH: M 5 = HAIL
GRTST 24HR M ON M 6 = FREEZING RAIN OR DRIZZLE
GRTST DEPTH: M ON M 7 = DUSTSTORM OR SANDSTORM:
VSBY 1/2 MILE OR LESS
8 = SMOKE OR HAZE
[NO. OF DAYS WITH] [WEATHER - DAYS WITH] 9 = BLOWING SNOW
X = TORNADO
MAX 32 OR BELOW: 0 0.01 INCH OR MORE: 10
MAX 90 OR ABOVE: 0 0.10 INCH OR MORE: 8
MIN 32 OR BELOW: 12 0.50 INCH OR MORE: 1
MIN 0 OR BELOW: 0 1.00 INCH OR MORE: 1
[HDD (BASE 65) ]
TOTAL THIS MO. 525 CLEAR (SCALE 0-3) 13
DPTR FM NORMAL -27 PTCLDY (SCALE 4-7) 11
TOTAL FM JUL 1 3386 CLOUDY (SCALE 8-10) 7
DPTR FM NORMAL -415
[CDD (BASE 65) ]
TOTAL THIS MO. 3
DPTR FM NORMAL 0 [PRESSURE DATA]
TOTAL FM JAN 1 4 HIGHEST SLP 30.44 ON 20
DPTR FM NORMAL 1 LOWEST SLP 29.04 ON 3
[REMARKS]
#FINAL-03-23#