000
CXUS55 KJKL 011439
CF6LOZ
PRELIMINARY LOCAL CLIMATOLOGICAL DATA (WS FORM: F-6)
STATION: LONDON KY
MONTH: MAY
YEAR: 2022
LATITUDE: 37 4 N
LONGITUDE: 84 5 W
TEMPERATURE IN F: :PCPN: SNOW: WIND :SUNSHINE: SKY :PK WND
================================================================================
1 2 3 4 5 6A 6B 7 8 9 10 11 12 13 14 15 16 17 18
12Z AVG MX 2MIN
DY MAX MIN AVG DEP HDD CDD WTR SNW DPTH SPD SPD DIR MIN PSBL S-S WX SPD DR
================================================================================
1 77 55 66 4 0 1 1.19 M M 7.7 23 260 M M 4 13 33 250
2 78 47 63 1 2 0 0.00 M M 2.7 13 280 M M 0 20 270
3 84 57 71 9 0 6 T M M 7.8 25 200 M M 4 36 200
4 70 54 62 -1 3 0 0.00 M M 6.4 13 290 M M 6 18 300
5 81 50 66 3 0 1 0.27 M M 3.5 9 280 M M 3 13 14 240
6 69 57 63 0 2 0 1.83 M M 4.7 25 260 M M 8 13 35 250
7 58 53 56 -7 9 0 0.13 M M 8.1 17 270 M M 10 1 26 290
8 68 51 60 -4 5 0 0.00 M M 5.8 12 40 M M 7 18 40
9 77 48 63 -1 2 0 0.00 M M 1.9 9 180 M M 0 14 180
10 82 51 67 3 0 2 0.00 M M 2.2 9 190 M M 0 13 190
11 86 59 73 9 0 8 0.00 M M 3.2 13 10 M M 3 8 17 20
12 84 51 68 4 0 3 0.00 M M 4.0 15 80 M M 0 21 80
13 82 56 69 4 0 4 0.00 M M 3.3 9 90 M M 1 14 70
14 80 58 69 4 0 4 T M M 4.0 14 240 M M 2 20 240
15 82 60 71 6 0 6 0.00 M M 3.5 10 290 M M 3 13 290
16 75 55 65 0 0 0 0.05 M M 5.3 14 330 M M 4 1 24 320
17 81 49 65 -1 0 0 0.00 M M 3.5 16 280 M M 0 24 290
18 81 53 67 1 0 2 0.99 M M 5.8 26 290 M M 2 13 39 290
19 82 65 74 8 0 9 1.09 M M 3.4 22 180 M M 5 138 35 190
20 87 66 77 11 0 12 0.00 M M 8.6 21 210 M M 0 31 200
21 86 64 75 9 0 10 0.00 M M 5.1 15 190 M M 2 3 23 230
22 76 63 70 3 0 5 T M M 8.0 18 250 M M 6 26 230
23 63 56 60 -7 5 0 0.25 M M 7.8 16 10 M M 10 1 24 10
24 71 55 63 -4 2 0 T M M 3.9 14 50 M M 8 1 19 70
25 84 63 74 6 0 9 T M M 6.9 18 190 M M 4 29 170
26 74 60 67 -1 0 2 1.06 M M 6.9 21 250 M M 8 1 28 240
27 70 59 65 -3 0 0 0.17 M M 7.0 22 260 M M 7 1 32 260
28 71 56 64 -4 1 0 0.06 M M 3.9 9 250 M M 8 1 12 260
29 82 52 67 -2 0 2 0.00 M M 2.9 13 150 M M 3 12 18 140
30 86 60 73 4 0 8 0.00 M M 3.8 14 190 M M 1 21 170
31 88 63 76 7 0 11 0.00 M M 2.4 13 250 M M 0 1 16 240
================================================================================
SM 2415 1746 31 105 7.09 M 154.0 M 119
================================================================================
AV 77.9 56.3 5.0 FASTST M M 4 MAX(MPH)
MISC ----> 26 290 39 290
================================================================================
NOTES:
# LAST OF SEVERAL OCCURRENCES
COLUMN 17 PEAK WIND IN M.P.H.
PRELIMINARY LOCAL CLIMATOLOGICAL DATA (WS FORM: F-6) , PAGE 2
STATION: LONDON KY
MONTH: MAY
YEAR: 2022
LATITUDE: 37 4 N
LONGITUDE: 84 5 W
[TEMPERATURE DATA] [PRECIPITATION DATA] SYMBOLS USED IN COLUMN 16
AVERAGE MONTHLY: 67.1 TOTAL FOR MONTH: 7.09 1 = FOG OR MIST
DPTR FM NORMAL: 1.7 DPTR FM NORMAL: 2.05 2 = FOG REDUCING VISIBILITY
HIGHEST: 88 ON 31 GRTST 24HR 2.08 ON 18-19 TO 1/4 MILE OR LESS
LOWEST: 47 ON 2 3 = THUNDER
SNOW, ICE PELLETS, HAIL 4 = ICE PELLETS
TOTAL MONTH: M 5 = HAIL
GRTST 24HR M ON M 6 = FREEZING RAIN OR DRIZZLE
GRTST DEPTH: M ON M 7 = DUSTSTORM OR SANDSTORM:
VSBY 1/2 MILE OR LESS
8 = SMOKE OR HAZE
[NO. OF DAYS WITH] [WEATHER - DAYS WITH] 9 = BLOWING SNOW
X = TORNADO
MAX 32 OR BELOW: 0 0.01 INCH OR MORE: 11
MAX 90 OR ABOVE: 0 0.10 INCH OR MORE: 9
MIN 32 OR BELOW: 0 0.50 INCH OR MORE: 5
MIN 0 OR BELOW: 0 1.00 INCH OR MORE: 4
[HDD (BASE 65) ]
TOTAL THIS MO. 31 CLEAR (SCALE 0-3) 15
DPTR FM NORMAL -57 PTCLDY (SCALE 4-7) 14
TOTAL FM JUL 1 3786 CLOUDY (SCALE 8-10) 2
DPTR FM NORMAL -365
[CDD (BASE 65) ]
TOTAL THIS MO. 105
DPTR FM NORMAL 5 [PRESSURE DATA]
TOTAL FM JAN 1 130 HIGHEST SLP 30.28 ON 10
DPTR FM NORMAL 3 LOWEST SLP 29.51 ON 6
[REMARKS]
#FINAL-05-22#