000
CXUS55 KJKL 011133
CF6LOZ
PRELIMINARY LOCAL CLIMATOLOGICAL DATA (WS FORM: F-6)

                                          STATION:   LONDON KY
                                          MONTH:     DECEMBER
                                          YEAR:      2017
                                          LATITUDE:   37  4 N
                                          LONGITUDE:  84  5 W

  TEMPERATURE IN F:       :PCPN:    SNOW:  WIND      :SUNSHINE: SKY     :PK WND
================================================================================
1   2   3   4   5  6A  6B    7    8   9   10  11  12  13   14  15   16   17  18
                                     12Z  AVG MX 2MIN
DY MAX MIN AVG DEP HDD CDD  WTR  SNW DPTH SPD SPD DIR MIN PSBL S-S WX    SPD DR
================================================================================

 1  56  35  46   4  19   0 0.00    M    M  3.1  9 110   M    M   2 128    14  90
 2  61  33  47   5  18   0 0.00    M    M  0.9  9 200   M    M   1        19 230
 3  60  31  46   4  19   0 0.00    M    M  0.2  5  70   M    M   3 12      8 220
 4  66  32  49   8  16   0 0.00    M    M  6.4 17 180   M    M   1        30 190
 5  60  34  47   6  18   0 0.66    M    M  9.7 14 180   M    M   0        31 160
 6  41  30  36  -5  29   0 0.00    M    M  3.2 13 240   M    M   0        16 200
 7  44  26  35  -5  30   0 0.00    M    M  5.5 16 290   M    M   2        24 270
 8  30  25  28 -12  37   0 0.00    M    M  2.2  7  30   M    M   7        10 330
 9  36  21  29 -11  36   0    T    M    M  7.6 18 240   M    M   5 1      29 290
10  41  20  31  -9  34   0 0.00    M    M  7.6 15 210   M    M   2        23 200
11  54  25  40   1  25   0 0.00    M    M  5.8 14 220   M    M   0        23 200
12  47  22  35  -4  30   0    T    M    M 11.9 22 290   M    M   5 1      34 300
13  45  17  31  -8  34   0 0.00    M    M  8.6 21 200   M    M   3        28 230
14  45  32  39   0  26   0 0.00    M    M  7.5 21 280   M    M   9        34 280
15  33  28  31  -7  34   0 0.00    M    M  5.6 16 260   M    M  10        24 250
16  50  25  38   0  27   0 0.00    M    M  5.1 18 240   M    M   1        25 240
17  43  30  37  -1  28   0    T    M    M  1.8 10 180   M    M   7 1      15 180
18  51  42  47   9  18   0 0.00    M    M  5.5 16 240   M    M  10 1      22 230
19  61  42  52  14  13   0 0.04    M    M  4.9 14 250   M    M   8 1      20 240
20  51  41  46   9  19   0 0.02    M    M  5.1 12  30   M    M   9 1      18  50
21  57  31  44   7  21   0 0.00    M    M  3.8  9 200   M    M   5        14 180
22  57  41  49  12  16   0 0.51    M    M  3.6 13 190   M    M   7 12     19 190
23  66  37  52  15  13   0 1.64    M    M  8.9 28 210   M    M  10 1      47 190
24  41  29  35  -2  30   0 0.04    M    M 10.2 26 260   M    M  10 1      36 260
25  29  21  25 -12  40   0    T    M    M  8.8 25 280   M    M   4        35 270
26  33  24  29  -7  36   0 0.00    M    M  3.5  9  40   M    M   7        13  50
27  28  13  21 -15  44   0 0.00    M    M  6.5 12 350   M    M   3        17 330
28  30  10  20 -16  45   0 0.00    M    M  4.6 13  30   M    M   0        17  40
29  34  18  26 -10  39   0 0.00    M    M  1.4  8 210   M    M   3        10 210
30  31  18  25 -11  40   0 0.00    M    M  6.5 15  20   M    M   9 8      19  20
31  20  10  15 -21  50   0 0.00    M    M  7.6 14 340   M    M   5        20 350
================================================================================
SM 1401  843       884   0  2.91    M    173.6          M      148
================================================================================
AV 45.2 27.2                               5.6 FASTST   M    M   5    MAX(MPH)
                                 MISC ---->  # 28 210               # 47  190
================================================================================
NOTES:
# LAST OF SEVERAL OCCURRENCES

COLUMN 17 PEAK WIND IN M.P.H.

PRELIMINARY LOCAL CLIMATOLOGICAL DATA (WS FORM: F-6) , PAGE 2

                                          STATION:  LONDON KY
                                          MONTH:    DECEMBER
                                          YEAR:     2017
                                          LATITUDE:   37  4 N
                                          LONGITUDE:  84  5 W

[TEMPERATURE DATA]      [PRECIPITATION DATA]       SYMBOLS USED IN COLUMN 16

AVERAGE MONTHLY: 36.2   TOTAL FOR MONTH:   2.91    1 = FOG OR MIST
DPTR FM NORMAL:  -2.3   DPTR FM NORMAL:   -1.33    2 = FOG REDUCING VISIBILITY
HIGHEST:    66 ON 23, 4 GRTST 24HR  1.64 ON 23-23      TO 1/4 MILE OR LESS
LOWEST:     10 ON 31,28                            3 = THUNDER
                        SNOW, ICE PELLETS, HAIL    4 = ICE PELLETS
                        TOTAL MONTH:    M          5 = HAIL
                        GRTST 24HR    M  ON   M    6 = FREEZING RAIN OR DRIZZLE
                        GRTST DEPTH:  M  ON   M    7 = DUSTSTORM OR SANDSTORM:
                                                       VSBY 1/2 MILE OR LESS
                                                   8 = SMOKE OR HAZE
[NO. OF DAYS WITH]      [WEATHER - DAYS WITH]      9 = BLOWING SNOW
                                                   X = TORNADO
MAX 32 OR BELOW:   6    0.01 INCH OR MORE:   6
MAX 90 OR ABOVE:   0    0.10 INCH OR MORE:   3
MIN 32 OR BELOW:  23    0.50 INCH OR MORE:   3
MIN  0 OR BELOW:   0    1.00 INCH OR MORE:   1

[HDD (BASE 65) ]
TOTAL THIS MO.   884    CLEAR  (SCALE 0-3)  13
DPTR FM NORMAL    62    PTCLDY (SCALE 4-7)  11
TOTAL FM JUL 1  1665    CLOUDY (SCALE 8-10)  7
DPTR FM NORMAL    13

[CDD (BASE 65) ]
TOTAL THIS MO.     0
DPTR FM NORMAL    -1    [PRESSURE DATA]
TOTAL FM JAN 1  1141    HIGHEST SLP 30.63 ON 27
DPTR FM NORMAL   -50    LOWEST  SLP 29.63 ON 13

[REMARKS]
#FINAL-12-17#
