000
CDUS43 KJKL 210831
CLILOZ

CLIMATE REPORT
NATIONAL WEATHER SERVICE JACKSON KY
431 AM EDT MON MAY 21 2018

...................................

...THE LONDON KY CLIMATE SUMMARY FOR MAY 20 2018...

CLIMATE NORMAL PERIOD 1981 TO 2010
CLIMATE RECORD PERIOD 1954 TO 2018


WEATHER ITEM   OBSERVED TIME   RECORD YEAR NORMAL DEPARTURE LAST
                VALUE   (LST)  VALUE       VALUE  FROM      YEAR
                                                  NORMAL
..................................................................

TEMPERATURE (F)
 YESTERDAY
  MAXIMUM         87    349 PM  90    1977  77     10       86
  MINIMUM         62    614 AM  37    2002  54      8       64
  AVERAGE         75                        66      9       75

PRECIPITATION (IN)
  YESTERDAY        0.00          1.72 1991   0.16  -0.16     0.08
  MONTH TO DATE    1.44                      3.32  -1.88     4.92
  SINCE MAR 1     11.53                     11.42   0.11    15.28
  SINCE JAN 1     21.97                     18.67   3.30    20.60

SNOWFALL (IN)
  YESTERDAY       MM
  MONTH TO DATE   MM
  SINCE MAR 1     MM
  SINCE JUL 1     MM
  SNOW DEPTH      MM

DEGREE DAYS
 HEATING
  YESTERDAY        0                         3     -3        0
  MONTH TO DATE    4                        76    -72       75
  SINCE MAR 1   1022                       901    121      712

 COOLING
  YESTERDAY       10                         3      7       10
  MONTH TO DATE  119                        42     77       62
  SINCE MAR 1    124                        68     56      119
  SINCE JAN 1    132                        68     64      119
..................................................................

WIND (MPH)
  HIGHEST WIND SPEED    10   HIGHEST WIND DIRECTION     W (290)
  HIGHEST GUST SPEED    14   HIGHEST GUST DIRECTION     W (250)
  AVERAGE WIND SPEED     3.0


SKY COVER
  POSSIBLE SUNSHINE  MM
  AVERAGE SKY COVER 0.1


WEATHER CONDITIONS
 THE FOLLOWING WEATHER WAS RECORDED YESTERDAY.
  FOG
  FOG W/VISIBILITY <= 1/4 MILE


RELATIVE HUMIDITY (PERCENT)
 HIGHEST   100           100 AM
 LOWEST     42           200 PM
 AVERAGE    71
..........................................................

THE LONDON KY CLIMATE NORMALS FOR TODAY
                         NORMAL    RECORD    YEAR
 MAXIMUM TEMPERATURE (F)   77        88      1962
 MINIMUM TEMPERATURE (F)   55        38      2002


SUNRISE AND SUNSET
MAY 21 2018...........SUNRISE   624 AM EDT   SUNSET   843 PM EDT
MAY 22 2018...........SUNRISE   623 AM EDT   SUNSET   843 PM EDT


-  INDICATES NEGATIVE NUMBERS.
R  INDICATES RECORD WAS SET OR TIED.
MM INDICATES DATA IS MISSING.
T  INDICATES TRACE AMOUNT.

$$
