000
CDUS43 KJKL 110604 RRA
CLILOZ

CLIMATE REPORT
NATIONAL WEATHER SERVICE JACKSON KY
142 AM EDT FRI MAY 11 2018

...................................

...THE LONDON KY CLIMATE SUMMARY FOR MAY 10 2018...

CLIMATE NORMAL PERIOD 1981 TO 2010
CLIMATE RECORD PERIOD 1954 TO 2018


WEATHER ITEM   OBSERVED TIME   RECORD YEAR NORMAL DEPARTURE LAST
                VALUE   (LST)  VALUE       VALUE  FROM      YEAR
                                                  NORMAL
..................................................................
TEMPERATURE (F)
 YESTERDAY
  MAXIMUM         84    508 PM  86    2015  75      9       83
                                      2007
                                      2003
  MINIMUM         64   1130 PM  30    1966  52     12       54
  AVERAGE         74                        63     11       69

PRECIPITATION (IN)
  YESTERDAY        0.01          0.74 1995   0.17  -0.16     0.00
  MONTH TO DATE    0.72                      1.62  -0.90     2.36
  SINCE MAR 1     10.81                      9.72   1.09    12.72
  SINCE JAN 1     21.25                     16.97   4.28    18.04

SNOWFALL (IN)
  YESTERDAY       MM
  MONTH TO DATE   MM
  SINCE MAR 1     MM
  SINCE JUL 1     MM
  SNOW DEPTH      MM

DEGREE DAYS
 HEATING
  YESTERDAY        0                         4     -4        0
  MONTH TO DATE    4                        44    -40       68
  SINCE MAR 1   1022                       869    153      705

 COOLING
  YESTERDAY        9                         2      7        4
  MONTH TO DATE   31                        15     16        7
  SINCE MAR 1     36                        41     -5       64
  SINCE JAN 1     44                        41      3       64
..................................................................


WIND (MPH)
  HIGHEST WIND SPEED    20   HIGHEST WIND DIRECTION     W (250)
  HIGHEST GUST SPEED    27   HIGHEST GUST DIRECTION     W (250)
  AVERAGE WIND SPEED     8.3


SKY COVER
  POSSIBLE SUNSHINE  MM
  AVERAGE SKY COVER 0.2


WEATHER CONDITIONS
 THE FOLLOWING WEATHER WAS RECORDED YESTERDAY.
  LIGHT RAIN


RELATIVE HUMIDITY (PERCENT)
 HIGHEST    78          1000 PM
 LOWEST     37           500 PM
 AVERAGE    58

..........................................................


THE LONDON KY CLIMATE NORMALS FOR TODAY
                         NORMAL    RECORD    YEAR
 MAXIMUM TEMPERATURE (F)   75        88      2015
 MINIMUM TEMPERATURE (F)   52        35      1997


SUNRISE AND SUNSET
MAY 11 2018...........SUNRISE   632 AM EDT   SUNSET   834 PM EDT
MAY 12 2018...........SUNRISE   631 AM EDT   SUNSET   835 PM EDT


-  INDICATES NEGATIVE NUMBERS.
R  INDICATES RECORD WAS SET OR TIED.
MM INDICATES DATA IS MISSING.
T  INDICATES TRACE AMOUNT.




$$
