000
CDUS43 KJKL 142020 RRA
CLILOZ

CLIMATE REPORT
NATIONAL WEATHER SERVICE JACKSON KY
420 PM EDT MON MAY 14 2018

...................................

...THE LONDON KY CLIMATE SUMMARY FOR MAY 14 2018...
VALID TODAY AS OF 0400 PM LOCAL TIME.

CLIMATE NORMAL PERIOD 1981 TO 2010
CLIMATE RECORD PERIOD 1954 TO 2018

WEATHER ITEM   OBSERVED TIME   RECORD YEAR NORMAL DEPARTURE LAST
                VALUE   (LST)  VALUE       VALUE  FROM      YEAR
                                                  NORMAL
..................................................................
TEMPERATURE (F)
 TODAY
  MAXIMUM         88R   205 PM  88    1998  76     12       80
  MINIMUM         61    612 AM  33    1996  53      8       48
  AVERAGE         75                        64     11       64

PRECIPITATION (IN)
  TODAY            0.00          1.07 1968   0.18  -0.18     0.00
  MONTH TO DATE    0.72                      2.32  -1.60     4.28
  SINCE MAR 1     10.81                     10.42   0.39    14.64
  SINCE JAN 1     21.25                     17.67   3.58    19.96

SNOWFALL (IN)
  TODAY           MM
  MONTH TO DATE   MM
  SINCE MAR 1     MM
  SINCE JUL 1     MM
  SNOW DEPTH      MM

DEGREE DAYS
 HEATING
  TODAY            0                         3     -3        1
  MONTH TO DATE    4                        58    -54       75
  SINCE MAR 1   1022                       883    139      712

 COOLING
  TODAY           10                         3      7        0
  MONTH TO DATE   67                        24     43       13
  SINCE MAR 1     72                        50     22       70
  SINCE JAN 1     80                        50     30       70
..................................................................

WIND (MPH)
  HIGHEST WIND SPEED    10   HIGHEST WIND DIRECTION     W (260)
  HIGHEST GUST SPEED    14   HIGHEST GUST DIRECTION     W (260)
  AVERAGE WIND SPEED     1.7

SKY COVER
  POSSIBLE SUNSHINE  MM
  AVERAGE SKY COVER 0.2

WEATHER CONDITIONS
 THE FOLLOWING WEATHER WAS RECORDED TODAY.
  FOG

RELATIVE HUMIDITY (PERCENT)
 HIGHEST   100           600 AM
 LOWEST     43           200 PM
 AVERAGE    72
..........................................................

THE LONDON KY CLIMATE NORMALS FOR TOMORROW
                         NORMAL    RECORD    YEAR
 MAXIMUM TEMPERATURE (F)   76        88      1991
 MINIMUM TEMPERATURE (F)   53        37      1959

SUNRISE AND SUNSET
MAY 14 2018...........SUNRISE   629 AM EDT   SUNSET   837 PM EDT
MAY 15 2018...........SUNRISE   628 AM EDT   SUNSET   838 PM EDT

-  INDICATES NEGATIVE NUMBERS.
R  INDICATES RECORD WAS SET OR TIED.
MM INDICATES DATA IS MISSING.
T  INDICATES TRACE AMOUNT.

$$

TAB
