130
CDUS43 KJKL 132019 RRA
CLILOZ

CLIMATE REPORT
NATIONAL WEATHER SERVICE JACKSON KY
419 PM EDT SUN MAY 13 2018

...................................

...THE LONDON KY CLIMATE SUMMARY FOR MAY 13 2018...
VALID TODAY AS OF 0400 PM LOCAL TIME.

CLIMATE NORMAL PERIOD 1981 TO 2010
CLIMATE RECORD PERIOD 1954 TO 2018

WEATHER ITEM   OBSERVED TIME   RECORD YEAR NORMAL DEPARTURE LAST
                VALUE   (LST)  VALUE       VALUE  FROM      YEAR
                                                  NORMAL
..................................................................
TEMPERATURE (F)
 TODAY
  MAXIMUM         88    231 PM  89    1956  76     12       71
  MINIMUM         58    559 AM  34    2013  52      6       52
  AVERAGE         73                        64      9       62

PRECIPITATION (IN)
  TODAY            0.00          1.68 1983   0.18  -0.18     0.00
  MONTH TO DATE    0.72                      2.14  -1.42     4.28
  SINCE MAR 1     10.81                     10.24   0.57    14.64
  SINCE JAN 1     21.25                     17.49   3.76    19.96

SNOWFALL (IN)
  TODAY           MM
  MONTH TO DATE   MM
  SINCE MAR 1     MM
  SINCE JUL 1     MM
  SNOW DEPTH      MM

DEGREE DAYS
 HEATING
  TODAY            0                         3     -3        3
  MONTH TO DATE    4                        55    -51       74
  SINCE MAR 1   1022                       880    142      711

 COOLING
  TODAY            8                         2      6        0
  MONTH TO DATE   57                        21     36       13
  SINCE MAR 1     62                        47     15       70
  SINCE JAN 1     70                        47     23       70
..................................................................

WIND (MPH)
  HIGHEST WIND SPEED    15   HIGHEST WIND DIRECTION     W (260)
  HIGHEST GUST SPEED    21   HIGHEST GUST DIRECTION     W (280)
  AVERAGE WIND SPEED     4.0

SKY COVER
  POSSIBLE SUNSHINE  MM
  AVERAGE SKY COVER 0.0

WEATHER CONDITIONS
 THE FOLLOWING WEATHER WAS RECORDED TODAY.
  FOG

RELATIVE HUMIDITY (PERCENT)
 HIGHEST   100           200 AM
 LOWEST     36           300 PM
 AVERAGE    68
..........................................................

THE LONDON KY CLIMATE NORMALS FOR TOMORROW
                         NORMAL    RECORD    YEAR
 MAXIMUM TEMPERATURE (F)   76        88      1998
 MINIMUM TEMPERATURE (F)   53        33      1996

SUNRISE AND SUNSET
MAY 13 2018...........SUNRISE   630 AM EDT   SUNSET   836 PM EDT
MAY 14 2018...........SUNRISE   629 AM EDT   SUNSET   837 PM EDT

-  INDICATES NEGATIVE NUMBERS.
R  INDICATES RECORD WAS SET OR TIED.
MM INDICATES DATA IS MISSING.
T  INDICATES TRACE AMOUNT.

$$

TAB
