000
CDUS43 KJKL 010526
CLILOZ

CLIMATE REPORT
NATIONAL WEATHER SERVICE JACKSON KY
126 AM EDT SUN APR 1 2018

...................................

...THE LONDON KY CLIMATE SUMMARY FOR MARCH 31 2018...

CLIMATE NORMAL PERIOD 1981 TO 2010
CLIMATE RECORD PERIOD 1954 TO 2018

WEATHER ITEM   OBSERVED TIME   RECORD YEAR NORMAL DEPARTURE LAST
                VALUE   (LST)  VALUE       VALUE  FROM      YEAR
                                                  NORMAL
..................................................................
TEMPERATURE (F)
 YESTERDAY
  MAXIMUM         65    517 PM  84    1963  64      1       67
  MINIMUM         30    652 AM  18    1969  40    -10       47
  AVERAGE         48                        52     -4       57

PRECIPITATION (IN)
  YESTERDAY        0.00          1.15 2002   0.13  -0.13     0.49
  MONTH TO DATE    4.70                      4.05   0.65     5.03
  SINCE MAR 1      4.70                      4.05   0.65     5.03
  SINCE JAN 1     15.14                     11.30   3.84    10.35

SNOWFALL (IN)
  YESTERDAY       MM
  MONTH TO DATE   MM
  SINCE MAR 1     MM
  SINCE JUL 1     MM
  SNOW DEPTH      MM

DEGREE DAYS
 HEATING
  YESTERDAY       17                        13      4        8
  MONTH TO DATE  612                       548     64      513
  SINCE MAR 1    612                       549     63      513

 COOLING
  YESTERDAY        0                         0      0        0
  MONTH TO DATE    0                         3     -3        3
  SINCE MAR 1      0                         3     -3        3
  SINCE JAN 1      8                         3      5        3
..................................................................

WIND (MPH)
  HIGHEST WIND SPEED    16   HIGHEST WIND DIRECTION    SW (240)
  HIGHEST GUST SPEED    24   HIGHEST GUST DIRECTION     S (180)
  AVERAGE WIND SPEED     5.0

SKY COVER
  POSSIBLE SUNSHINE  MM
  AVERAGE SKY COVER 0.2

WEATHER CONDITIONS
 THE FOLLOWING WEATHER WAS RECORDED YESTERDAY.
  FOG
  FOG W/VISIBILITY <= 1/4 MILE

RELATIVE HUMIDITY (PERCENT)
 HIGHEST   100           100 AM
 LOWEST     28           500 PM
 AVERAGE    64

..........................................................

THE LONDON KY CLIMATE NORMALS FOR TODAY
                         NORMAL    RECORD    YEAR
 MAXIMUM TEMPERATURE (F)   64        86      1974
 MINIMUM TEMPERATURE (F)   40        22      1994

SUNRISE AND SUNSET
APRIL  1 2018.........SUNRISE   722 AM EDT   SUNSET   759 PM EDT
APRIL  2 2018.........SUNRISE   721 AM EDT   SUNSET   800 PM EDT

-  INDICATES NEGATIVE NUMBERS.
R  INDICATES RECORD WAS SET OR TIED.
MM INDICATES DATA IS MISSING.
T  INDICATES TRACE AMOUNT.

$$
