000
CDUS43 KJKL 230554
CLILOZ

CLIMATE REPORT
NATIONAL WEATHER SERVICE JACKSON KY
154 AM EDT MON APR 23 2018
...................................

...THE LONDON KY CLIMATE SUMMARY FOR APRIL 22 2018...

CLIMATE NORMAL PERIOD 1981 TO 2010
CLIMATE RECORD PERIOD 1954 TO 2018

WEATHER ITEM   OBSERVED TIME   RECORD YEAR NORMAL DEPARTURE LAST
                VALUE   (LST)  VALUE       VALUE  FROM      YEAR
                                                  NORMAL
..................................................................
TEMPERATURE (F)
 YESTERDAY
  MAXIMUM         71    439 PM  87    1963  71      0       58
  MINIMUM         46    509 AM  31    1986  47     -1       48
  AVERAGE         59                        59      0       53

PRECIPITATION (IN)
  YESTERDAY        T             1.05 1984   0.14  -0.14     0.79
  MONTH TO DATE    3.75                      2.90   0.85     3.91
  SINCE MAR 1      8.45                      6.95   1.50     8.94
  SINCE JAN 1     18.89                     14.20   4.69    14.26

SNOWFALL (IN)
  YESTERDAY       MM
  MONTH TO DATE   MM
  SINCE MAR 1     MM
  SINCE JUL 1     MM
  SNOW DEPTH      MM

DEGREE DAYS
 HEATING
  YESTERDAY        6                         7     -1       12
  MONTH TO DATE  331                       225    106      102
  SINCE MAR 1    943                       774    169      615

 COOLING
  YESTERDAY        0                         1     -1        0
  MONTH TO DATE    5                        14     -9       28
  SINCE MAR 1      5                        17    -12       31
  SINCE JAN 1     13                        17     -4       31
..................................................................

WIND (MPH)
  HIGHEST WIND SPEED    16   HIGHEST WIND DIRECTION    SE (120)
  HIGHEST GUST SPEED    24   HIGHEST GUST DIRECTION    SE (140)
  AVERAGE WIND SPEED     4.3

SKY COVER
  POSSIBLE SUNSHINE  MM
  AVERAGE SKY COVER 0.1

WEATHER CONDITIONS
 THE FOLLOWING WEATHER WAS RECORDED YESTERDAY.
  LIGHT RAIN

RELATIVE HUMIDITY (PERCENT)
 HIGHEST    66           700 AM
 LOWEST     27           400 PM
 AVERAGE    47
..........................................................

THE LONDON KY CLIMATE NORMALS FOR TODAY
                         NORMAL    RECORD    YEAR
 MAXIMUM TEMPERATURE (F)   71        87      1960
 MINIMUM TEMPERATURE (F)   47        23      1986

SUNRISE AND SUNSET
APRIL 23 2018.........SUNRISE   651 AM EDT   SUNSET   818 PM EDT
APRIL 24 2018.........SUNRISE   650 AM EDT   SUNSET   819 PM EDT

-  INDICATES NEGATIVE NUMBERS.
R  INDICATES RECORD WAS SET OR TIED.
MM INDICATES DATA IS MISSING.
T  INDICATES TRACE AMOUNT.

$$
