000
CDUS43 KJKL 140542 RRA
CLILOZ

CLIMATE REPORT
NATIONAL WEATHER SERVICE JACKSON KY
142 AM EDT SAT APR 14 2018
...................................

...THE LONDON KY CLIMATE SUMMARY FOR APRIL 13 2018...

CLIMATE NORMAL PERIOD 1981 TO 2010
CLIMATE RECORD PERIOD 1954 TO 2018

WEATHER ITEM   OBSERVED TIME   RECORD YEAR NORMAL DEPARTURE LAST
                VALUE   (LST)  VALUE       VALUE  FROM      YEAR
                                                  NORMAL
..................................................................
TEMPERATURE (F)
 YESTERDAY
  MAXIMUM         81    446 PM  86    1977  68     13       82
  MINIMUM         53    632 AM  28    2007  44      9       44
                                      1989
  AVERAGE         67                        56     11       63

PRECIPITATION (IN)
  YESTERDAY        0.00          0.81 2004   0.13  -0.13     0.00
  MONTH TO DATE    1.61                      1.69  -0.08     0.76
  SINCE MAR 1      6.31                      5.74   0.57     5.79
  SINCE JAN 1     16.75                     12.99   3.76    11.11

SNOWFALL (IN)
  YESTERDAY       MM
  MONTH TO DATE   MM
  SINCE MAR 1     MM
  SINCE JUL 1     MM
  SNOW DEPTH      MM

DEGREE DAYS
 HEATING
  YESTERDAY        0                        10    -10        2
  MONTH TO DATE  210                       149     61       90
  SINCE MAR 1    822                       698    124      603

 COOLING
  YESTERDAY        2                         1      1        0
  MONTH TO DATE    2                         5     -3        6
  SINCE MAR 1      2                         8     -6        9
  SINCE JAN 1     10                         8      2        9
..................................................................

WIND (MPH)
  HIGHEST WIND SPEED    22   HIGHEST WIND DIRECTION    SW (210)
  HIGHEST GUST SPEED    33   HIGHEST GUST DIRECTION     S (200)
  AVERAGE WIND SPEED     8.8

SKY COVER
  POSSIBLE SUNSHINE  MM
  AVERAGE SKY COVER 0.0

WEATHER CONDITIONS
 THE FOLLOWING WEATHER WAS RECORDED YESTERDAY.
  NO SIGNIFICANT WEATHER WAS OBSERVED.

RELATIVE HUMIDITY (PERCENT)
 HIGHEST    59           600 AM
 LOWEST     21           500 PM
 AVERAGE    40
..........................................................

THE LONDON KY CLIMATE NORMALS FOR TODAY
                         NORMAL    RECORD    YEAR
 MAXIMUM TEMPERATURE (F)   68        87      2006
 MINIMUM TEMPERATURE (F)   44        26      1962

SUNRISE AND SUNSET
APRIL 14 2018.........SUNRISE   703 AM EDT   SUNSET   810 PM EDT
APRIL 15 2018.........SUNRISE   702 AM EDT   SUNSET   811 PM EDT

-  INDICATES NEGATIVE NUMBERS.
R  INDICATES RECORD WAS SET OR TIED.
MM INDICATES DATA IS MISSING.
T  INDICATES TRACE AMOUNT.

$$
