764
CDUS43 KJKL 160530
CLILOZ

CLIMATE REPORT
NATIONAL WEATHER SERVICE JACKSON KY
130 AM EDT WED MAY 16 2018

...................................

...THE LONDON KY CLIMATE SUMMARY FOR MAY 15 2018...

CLIMATE NORMAL PERIOD 1981 TO 2010
CLIMATE RECORD PERIOD 1954 TO 2018

WEATHER ITEM   OBSERVED TIME   RECORD YEAR NORMAL DEPARTURE LAST
                VALUE   (LST)  VALUE       VALUE  FROM      YEAR
                                                  NORMAL
..................................................................
TEMPERATURE (F)
 YESTERDAY
  MAXIMUM         88R   159 PM  88    1991  76     12       83
  MINIMUM         64    623 AM  37    1959  53     11       53
  AVERAGE         76                        64     12       68

PRECIPITATION (IN)
  YESTERDAY        T             2.04 1983   0.18  -0.18     0.00
  MONTH TO DATE    0.72                      2.50  -1.78     4.28
  SINCE MAR 1     10.81                     10.60   0.21    14.64
  SINCE JAN 1     21.25                     17.85   3.40    19.96

SNOWFALL (IN)
  YESTERDAY       MM
  MONTH TO DATE   MM
  SINCE MAR 1     MM
  SINCE JUL 1     MM
  SNOW DEPTH      MM

DEGREE DAYS
 HEATING
  YESTERDAY        0                         3     -3        0
  MONTH TO DATE    4                        61    -57       75
  SINCE MAR 1   1022                       886    136      712

 COOLING
  YESTERDAY       11                         3      8        3
  MONTH TO DATE   78                        27     51       16
  SINCE MAR 1     83                        53     30       73
  SINCE JAN 1     91                        53     38       73
..................................................................

WIND (MPH)
  HIGHEST WIND SPEED    28   HIGHEST WIND DIRECTION    NW (300)
  HIGHEST GUST SPEED    40   HIGHEST GUST DIRECTION     W (270)
  AVERAGE WIND SPEED     4.8

SKY COVER
  POSSIBLE SUNSHINE  MM
  AVERAGE SKY COVER 0.1

WEATHER CONDITIONS
 THE FOLLOWING WEATHER WAS RECORDED YESTERDAY.
  THUNDERSTORM
  LIGHT RAIN
  FOG

RELATIVE HUMIDITY (PERCENT)
 HIGHEST   100           300 AM
 LOWEST     50           200 PM
 AVERAGE    75
..........................................................

THE LONDON KY CLIMATE NORMALS FOR TODAY
                         NORMAL    RECORD    YEAR
 MAXIMUM TEMPERATURE (F)   76        89      1962
 MINIMUM TEMPERATURE (F)   53        31      1997

SUNRISE AND SUNSET
MAY 16 2018...........SUNRISE   627 AM EDT   SUNSET   839 PM EDT
MAY 17 2018...........SUNRISE   627 AM EDT   SUNSET   839 PM EDT

-  INDICATES NEGATIVE NUMBERS.
R  INDICATES RECORD WAS SET OR TIED.
MM INDICATES DATA IS MISSING.
T  INDICATES TRACE AMOUNT.

$$

CGAL
