000
CDUS43 KJKL 062023 RRA
CLILOZ

CLIMATE REPORT
NATIONAL WEATHER SERVICE JACKSON KY
424 PM EDT FRI APR 6 2018

...................................

...THE LONDON KY CLIMATE SUMMARY FOR APRIL 6 2018...
VALID TODAY AS OF 0400 PM LOCAL TIME.

CLIMATE NORMAL PERIOD 1981 TO 2010
CLIMATE RECORD PERIOD 1954 TO 2018

WEATHER ITEM   OBSERVED TIME   RECORD YEAR NORMAL DEPARTURE LAST
                VALUE   (LST)  VALUE       VALUE  FROM      YEAR
                                                  NORMAL
..................................................................
TEMPERATURE (F)
 TODAY
  MAXIMUM         63    136 PM  88    2010  66     -3       57
  MINIMUM         35    551 AM  26    2007  42     -7       40
  AVERAGE         49                        54     -5       49

PRECIPITATION (IN)
  TODAY            0.00          2.10 1962   0.12  -0.12     0.19
  MONTH TO DATE    1.43                      0.76   0.67     0.75
  SINCE MAR 1      6.13                      4.81   1.32     5.78
  SINCE JAN 1     16.57                     12.06   4.51    11.10

SNOWFALL (IN)
  TODAY           MM
  MONTH TO DATE   MM
  SINCE MAR 1     MM
  SINCE JUL 1     MM
  SNOW DEPTH      MM

DEGREE DAYS
 HEATING
  TODAY           16                        12      4       16
  MONTH TO DATE   90                        75     15       45
  SINCE MAR 1    702                       624     78      558

 COOLING
  TODAY            0                         0      0        0
  MONTH TO DATE    0                         0      0        0
  SINCE MAR 1      0                         3     -3        3
  SINCE JAN 1      8                         3      5        3
..................................................................

WIND (MPH)
  HIGHEST WIND SPEED    20   HIGHEST WIND DIRECTION     W (260)
  HIGHEST GUST SPEED    27   HIGHEST GUST DIRECTION     W (270)
  AVERAGE WIND SPEED     5.7

SKY COVER
  POSSIBLE SUNSHINE  MM
  AVERAGE SKY COVER 0.1

WEATHER CONDITIONS
 THE FOLLOWING WEATHER WAS RECORDED TODAY.
  NO SIGNIFICANT WEATHER WAS OBSERVED.

RELATIVE HUMIDITY (PERCENT)
 HIGHEST    82           200 AM
 LOWEST     33          1000 AM
 AVERAGE    58

..........................................................

THE LONDON KY CLIMATE NORMALS FOR TOMORROW
                         NORMAL    RECORD    YEAR
 MAXIMUM TEMPERATURE (F)   66        84      2001
 MINIMUM TEMPERATURE (F)   42        21      1982

SUNRISE AND SUNSET
APRIL  6 2018.........SUNRISE   715 AM EDT   SUNSET   803 PM EDT
APRIL  7 2018.........SUNRISE   713 AM EDT   SUNSET   804 PM EDT

-  INDICATES NEGATIVE NUMBERS.
R  INDICATES RECORD WAS SET OR TIED.
MM INDICATES DATA IS MISSING.
T  INDICATES TRACE AMOUNT.

$$

CARICO
