000
CDUS43 KJKL 070529
CLILOZ

CLIMATE REPORT
NATIONAL WEATHER SERVICE JACKSON KY
129 AM EDT MON MAY 7 2018

...................................

...THE LONDON KY CLIMATE SUMMARY FOR MAY 6 2018...

CLIMATE NORMAL PERIOD 1981 TO 2010
CLIMATE RECORD PERIOD 1954 TO 2018

WEATHER ITEM   OBSERVED TIME   RECORD YEAR NORMAL DEPARTURE LAST
                VALUE   (LST)  VALUE       VALUE  FROM      YEAR
                                                  NORMAL
..................................................................
TEMPERATURE (F)
 YESTERDAY
  MAXIMUM         77    535 PM  88    1959  74      3       52
  MINIMUM         56    722 AM  31    1968  51      5       42
  AVERAGE         67                        62      5       47

PRECIPITATION (IN)
  YESTERDAY        0.14          2.48 1984   0.16  -0.02     0.09
  MONTH TO DATE    0.71                      0.94  -0.23     2.32
  SINCE MAR 1     10.80                      9.04   1.76    12.68
  SINCE JAN 1     21.24                     16.29   4.95    18.00

SNOWFALL (IN)
  YESTERDAY       MM
  MONTH TO DATE   MM
  SINCE MAR 1     MM
  SINCE JUL 1     MM
  SNOW DEPTH      MM

DEGREE DAYS
 HEATING
  YESTERDAY        0                         4     -4       18
  MONTH TO DATE    4                        28    -24       42
  SINCE MAR 1   1022                       853    169      679

 COOLING
  YESTERDAY        2                         2      0        0
  MONTH TO DATE   16                         7      9        0
  SINCE MAR 1     21                        33    -12       57
  SINCE JAN 1     29                        33     -4       57
..................................................................

WIND (MPH)
  HIGHEST WIND SPEED    28   HIGHEST WIND DIRECTION     N (340)
  HIGHEST GUST SPEED    47   HIGHEST GUST DIRECTION     N (340)
  AVERAGE WIND SPEED     8.1

SKY COVER
  POSSIBLE SUNSHINE  MM
  AVERAGE SKY COVER 0.6

WEATHER CONDITIONS
 THE FOLLOWING WEATHER WAS RECORDED YESTERDAY.
  THUNDERSTORM
  LIGHT RAIN
  FOG

RELATIVE HUMIDITY (PERCENT)
 HIGHEST   100          1200 AM
 LOWEST     36           500 PM
 AVERAGE    68

..........................................................

THE LONDON KY CLIMATE NORMALS FOR TODAY
                         NORMAL    RECORD    YEAR
 MAXIMUM TEMPERATURE (F)   74        88      2014
 MINIMUM TEMPERATURE (F)   51        34      1989

SUNRISE AND SUNSET
MAY  7 2018...........SUNRISE   635 AM EDT   SUNSET   831 PM EDT
MAY  8 2018...........SUNRISE   634 AM EDT   SUNSET   832 PM EDT

-  INDICATES NEGATIVE NUMBERS.
R  INDICATES RECORD WAS SET OR TIED.
MM INDICATES DATA IS MISSING.
T  INDICATES TRACE AMOUNT.

$$
