000
CDUS43 KJKL 040644
CLILOZ

CLIMATE REPORT
NATIONAL WEATHER SERVICE JACKSON KY
244 AM EDT WED APR 4 2018

...................................

...THE LONDON KY CLIMATE SUMMARY FOR APRIL 3 2018...

CLIMATE NORMAL PERIOD 1981 TO 2010
CLIMATE RECORD PERIOD 1954 TO 2018

WEATHER ITEM   OBSERVED TIME   RECORD YEAR NORMAL DEPARTURE LAST
                VALUE   (LST)  VALUE       VALUE  FROM      YEAR
                                                  NORMAL
..................................................................
TEMPERATURE (F)
 YESTERDAY
  MAXIMUM         75   1056 PM  85    1963  65     10       69
  MINIMUM         46    417 AM  23    1992  41      5       53
  AVERAGE         61                        53      8       61

PRECIPITATION (IN)
  YESTERDAY        0.51          1.47 1974   0.13   0.38     0.52
  MONTH TO DATE    0.92                      0.39   0.53     0.53
  SINCE MAR 1      5.62                      4.44   1.18     5.56
  SINCE JAN 1     16.06                     11.69   4.37    10.88

SNOWFALL (IN)
  YESTERDAY       MM
  MONTH TO DATE   MM
  SINCE MAR 1     MM
  SINCE JUL 1     MM
  SNOW DEPTH      MM

DEGREE DAYS
 HEATING
  YESTERDAY        4                        13     -9        4
  MONTH TO DATE   34                        39     -5       27
  SINCE MAR 1    646                       588     58      540

 COOLING
  YESTERDAY        0                         0      0        0
  MONTH TO DATE    0                         0      0        0
  SINCE MAR 1      0                         3     -3        3
  SINCE JAN 1      8                         3      5        3
..................................................................

WIND (MPH)
  HIGHEST WIND SPEED    32   HIGHEST WIND DIRECTION     W (260)
  HIGHEST GUST SPEED    51   HIGHEST GUST DIRECTION     W (260)
  AVERAGE WIND SPEED    11.0

SKY COVER
  POSSIBLE SUNSHINE  MM
  AVERAGE SKY COVER 0.5

WEATHER CONDITIONS
 THE FOLLOWING WEATHER WAS RECORDED YESTERDAY.
  THUNDERSTORM
  HEAVY RAIN
  RAIN
  LIGHT RAIN
  FOG

RELATIVE HUMIDITY (PERCENT)
 HIGHEST   100           300 AM
 LOWEST     43           500 PM
 AVERAGE    72
..........................................................

THE LONDON KY CLIMATE NORMALS FOR TODAY
                         NORMAL    RECORD    YEAR
 MAXIMUM TEMPERATURE (F)   65        82      1986
 MINIMUM TEMPERATURE (F)   41        26      1962

SUNRISE AND SUNSET
APRIL  4 2018.........SUNRISE   718 AM EDT   SUNSET   802 PM EDT
APRIL  5 2018.........SUNRISE   716 AM EDT   SUNSET   802 PM EDT

-  INDICATES NEGATIVE NUMBERS.
R  INDICATES RECORD WAS SET OR TIED.
MM INDICATES DATA IS MISSING.
T  INDICATES TRACE AMOUNT.

$$

GEOGERIAN
