000
CDUS43 KJKL 021041
CLILOZ

CLIMATE REPORT
NATIONAL WEATHER SERVICE JACKSON KY
641 AM EDT MON APR 2 2018

...................................

...THE LONDON KY CLIMATE SUMMARY FOR APRIL 1 2018...

CLIMATE NORMAL PERIOD 1981 TO 2010
CLIMATE RECORD PERIOD 1954 TO 2018


WEATHER ITEM   OBSERVED TIME   RECORD YEAR NORMAL DEPARTURE LAST
                VALUE   (LST)  VALUE       VALUE  FROM      YEAR
                                                  NORMAL
..................................................................

TEMPERATURE (F)
 YESTERDAY
  MAXIMUM         63    313 PM  86    1974  64     -1       52
  MINIMUM         46   1159 PM  22    1994  40      6       45
  AVERAGE         55                        52      3       49

PRECIPITATION (IN)
  YESTERDAY        0.18          2.43 1979   0.13   0.05     0.01
  MONTH TO DATE    0.18                      0.13   0.05     0.01
  SINCE MAR 1      4.88                      4.18   0.70     5.04
  SINCE JAN 1     15.32                     11.43   3.89    10.36

SNOWFALL (IN)
  YESTERDAY       MM
  MONTH TO DATE   MM
  SINCE MAR 1     MM
  SINCE JUL 1     MM
  SNOW DEPTH      MM

DEGREE DAYS
 HEATING
  YESTERDAY       10                        13     -3       16
  MONTH TO DATE   10                        13     -3       16
  SINCE MAR 1    622                       562     60      529

 COOLING
  YESTERDAY        0                         0      0        0
  MONTH TO DATE    0                         0      0        0
  SINCE MAR 1      0                         3     -3        3
  SINCE JAN 1      8                         3      5        3
..................................................................

WIND (MPH)
  HIGHEST WIND SPEED    16   HIGHEST WIND DIRECTION     N (340)
  HIGHEST GUST SPEED    25   HIGHEST GUST DIRECTION    NW (310)
  AVERAGE WIND SPEED     3.8


SKY COVER
  POSSIBLE SUNSHINE  MM
  AVERAGE SKY COVER 1.0


WEATHER CONDITIONS
 THE FOLLOWING WEATHER WAS RECORDED YESTERDAY.
  LIGHT RAIN
  FOG


RELATIVE HUMIDITY (PERCENT)
 HIGHEST    93           600 AM
 LOWEST     40          1200 AM
 AVERAGE    67
..........................................................

THE LONDON KY CLIMATE NORMALS FOR TODAY
                         NORMAL    RECORD    YEAR
 MAXIMUM TEMPERATURE (F)   64        86      2010
 MINIMUM TEMPERATURE (F)   41        25      1996


SUNRISE AND SUNSET
APRIL  2 2018.........SUNRISE   721 AM EDT   SUNSET   800 PM EDT
APRIL  3 2018.........SUNRISE   719 AM EDT   SUNSET   801 PM EDT


-  INDICATES NEGATIVE NUMBERS.
R  INDICATES RECORD WAS SET OR TIED.
MM INDICATES DATA IS MISSING.
T  INDICATES TRACE AMOUNT.
$$
