000
CDUS43 KJKL 060546
CLILOZ

CLIMATE REPORT
NATIONAL WEATHER SERVICE JACKSON KY
146 AM EDT SUN MAY 6 2018

...................................

...THE LONDON KY CLIMATE SUMMARY FOR MAY 5 2018...

CLIMATE NORMAL PERIOD 1981 TO 2010
CLIMATE RECORD PERIOD 1954 TO 2018

WEATHER ITEM   OBSERVED TIME   RECORD YEAR NORMAL DEPARTURE LAST
                VALUE   (LST)  VALUE       VALUE  FROM      YEAR
                                                  NORMAL
..................................................................
TEMPERATURE (F)
 YESTERDAY
  MAXIMUM         71    249 PM  90    1959  74     -3       57
  MINIMUM         57   1038 PM  33    2011  50      7       45
                                      1957
  AVERAGE         64                        62      2       51

PRECIPITATION (IN)
  YESTERDAY        0.47          1.51 2013   0.16   0.31     0.38
  MONTH TO DATE    0.57                      0.78  -0.21     2.23
  SINCE MAR 1     10.66                      8.88   1.78    12.59
  SINCE JAN 1     21.10                     16.13   4.97    17.91

SNOWFALL (IN)
  YESTERDAY       MM
  MONTH TO DATE   MM
  SINCE MAR 1     MM
  SINCE JUL 1     MM
  SNOW DEPTH      MM

DEGREE DAYS
 HEATING
  YESTERDAY        1                         4     -3       14
  MONTH TO DATE    4                        24    -20       24
  SINCE MAR 1   1022                       849    173      661

 COOLING
  YESTERDAY        0                         1     -1        0
  MONTH TO DATE   14                         5      9        0
  SINCE MAR 1     19                        31    -12       57
  SINCE JAN 1     27                        31     -4       57
..................................................................

WIND (MPH)
  HIGHEST WIND SPEED    24   HIGHEST WIND DIRECTION    SW (240)
  HIGHEST GUST SPEED    33   HIGHEST GUST DIRECTION     W (250)
  AVERAGE WIND SPEED     3.2

SKY COVER
  POSSIBLE SUNSHINE  MM
  AVERAGE SKY COVER 0.7

WEATHER CONDITIONS
 THE FOLLOWING WEATHER WAS RECORDED YESTERDAY.
  THUNDERSTORM
  HEAVY RAIN
  RAIN
  LIGHT RAIN
  FOG

RELATIVE HUMIDITY (PERCENT)
 HIGHEST   100           200 AM
 LOWEST     76          1100 AM
 AVERAGE    88

..........................................................

THE LONDON KY CLIMATE NORMALS FOR TODAY
                         NORMAL    RECORD    YEAR
 MAXIMUM TEMPERATURE (F)   74        88      1959
 MINIMUM TEMPERATURE (F)   51        31      1968

SUNRISE AND SUNSET
MAY  6 2018...........SUNRISE   636 AM EDT   SUNSET   830 PM EDT
MAY  7 2018...........SUNRISE   635 AM EDT   SUNSET   831 PM EDT

-  INDICATES NEGATIVE NUMBERS.
R  INDICATES RECORD WAS SET OR TIED.
MM INDICATES DATA IS MISSING.
T  INDICATES TRACE AMOUNT.

$$
