677
CDUS43 KJKL 122019 RRA
CLILOZ

CLIMATE REPORT
NATIONAL WEATHER SERVICE JACKSON KY
419 PM EDT THU APR 12 2018

...................................

...THE LONDON KY CLIMATE SUMMARY FOR APRIL 12 2018...
VALID TODAY AS OF 0400 PM LOCAL TIME.

CLIMATE NORMAL PERIOD 1981 TO 2010
CLIMATE RECORD PERIOD 1954 TO 2018

WEATHER ITEM   OBSERVED TIME   RECORD YEAR NORMAL DEPARTURE LAST
                VALUE   (LST)  VALUE       VALUE  FROM      YEAR
                                                  NORMAL
..................................................................
TEMPERATURE (F)
 TODAY
  MAXIMUM         79    259 PM  86    1977  68     11       76
  MINIMUM         44    619 AM  25    1989  43      1       54
  AVERAGE         62                        56      6       65

PRECIPITATION (IN)
  TODAY            0.00          1.08 2004   0.14  -0.14     0.00
  MONTH TO DATE    1.61                      1.56   0.05     0.76
  SINCE MAR 1      6.31                      5.61   0.70     5.79
  SINCE JAN 1     16.75                     12.86   3.89    11.11

SNOWFALL (IN)
  TODAY           MM
  MONTH TO DATE   MM
  SINCE MAR 1     MM
  SINCE JUL 1     MM
  SNOW DEPTH      MM

DEGREE DAYS
 HEATING
  TODAY            3                        10     -7        0
  MONTH TO DATE  210                       139     71       88
  SINCE MAR 1    822                       688    134      601

 COOLING
  TODAY            0                         1     -1        0
  MONTH TO DATE    0                         4     -4        6
  SINCE MAR 1      0                         7     -7        9
  SINCE JAN 1      8                         7      1        9
..................................................................

WIND (MPH)
  HIGHEST WIND SPEED    22   HIGHEST WIND DIRECTION    SW (220)
  HIGHEST GUST SPEED    37   HIGHEST GUST DIRECTION     S (200)
  AVERAGE WIND SPEED     7.8

SKY COVER
  POSSIBLE SUNSHINE  MM
  AVERAGE SKY COVER 0.0

WEATHER CONDITIONS
 THE FOLLOWING WEATHER WAS RECORDED TODAY.
  NO SIGNIFICANT WEATHER WAS OBSERVED.

RELATIVE HUMIDITY (PERCENT)
 HIGHEST    71          1200 AM
 LOWEST     21           100 PM
 AVERAGE    46
..........................................................

THE LONDON KY CLIMATE NORMALS FOR TOMORROW
                         NORMAL    RECORD    YEAR
 MAXIMUM TEMPERATURE (F)   68        86      1977
 MINIMUM TEMPERATURE (F)   44        28      2007
                                             1989

SUNRISE AND SUNSET
APRIL 12 2018.........SUNRISE   706 AM EDT   SUNSET   809 PM EDT
APRIL 13 2018.........SUNRISE   705 AM EDT   SUNSET   809 PM EDT

-  INDICATES NEGATIVE NUMBERS.
R  INDICATES RECORD WAS SET OR TIED.
MM INDICATES DATA IS MISSING.
T  INDICATES TRACE AMOUNT.

$$

TAB
