000
CDUS43 KJKL 272019 RRA
CLILOZ

CLIMATE REPORT
NATIONAL WEATHER SERVICE JACKSON KY
420 PM EDT FRI APR 27 2018

...................................

...THE LONDON KY CLIMATE SUMMARY FOR APRIL 27 2018...
VALID TODAY AS OF 0400 PM LOCAL TIME.

CLIMATE NORMAL PERIOD 1981 TO 2010
CLIMATE RECORD PERIOD 1954 TO 2018

WEATHER ITEM   OBSERVED TIME   RECORD YEAR NORMAL DEPARTURE LAST
                VALUE   (LST)  VALUE       VALUE  FROM      YEAR
                                                  NORMAL
..................................................................
TEMPERATURE (F)
 TODAY
  MAXIMUM         69    259 PM  90    1986  72     -3       78
  MINIMUM         47    623 AM  32    1972  48     -1       54
  AVERAGE         58                        60     -2       66

PRECIPITATION (IN)
  TODAY            0.00          2.57 2011   0.15  -0.15     0.22
  MONTH TO DATE    5.39                      3.64   1.75     5.31
  SINCE MAR 1     10.09                      7.69   2.40    10.34
  SINCE JAN 1     20.53                     14.94   5.59    15.66

SNOWFALL (IN)
  TODAY           MM
  MONTH TO DATE   MM
  SINCE MAR 1     MM
  SINCE JUL 1     MM
  SNOW DEPTH      MM

DEGREE DAYS
 HEATING
  TODAY            7                         6      1        0
  MONTH TO DATE  373                       258    115      124
  SINCE MAR 1    985                       807    178      637

 COOLING
  TODAY            0                         1     -1        1
  MONTH TO DATE    5                        19    -14       31
  SINCE MAR 1      5                        22    -17       34
  SINCE JAN 1     13                        22     -9       34
..................................................................

WIND (MPH)
  HIGHEST WIND SPEED    17   HIGHEST WIND DIRECTION     W (260)
  HIGHEST GUST SPEED    23   HIGHEST GUST DIRECTION    NW (300)
  AVERAGE WIND SPEED     4.5

SKY COVER
  POSSIBLE SUNSHINE  MM
  AVERAGE SKY COVER 0.4

WEATHER CONDITIONS
 THE FOLLOWING WEATHER WAS RECORDED TODAY.
  FOG
  FOG W/VISIBILITY <= 1/4 MILE

RELATIVE HUMIDITY (PERCENT)
 HIGHEST   100          1200 AM
 LOWEST     30           200 PM
 AVERAGE    65
..........................................................

THE LONDON KY CLIMATE NORMALS FOR TOMORROW
                         NORMAL    RECORD    YEAR
 MAXIMUM TEMPERATURE (F)   72        85      1956
 MINIMUM TEMPERATURE (F)   48        30      1967

SUNRISE AND SUNSET
APRIL 27 2018.........SUNRISE   647 AM EDT   SUNSET   822 PM EDT
APRIL 28 2018.........SUNRISE   645 AM EDT   SUNSET   823 PM EDT

-  INDICATES NEGATIVE NUMBERS.
R  INDICATES RECORD WAS SET OR TIED.
MM INDICATES DATA IS MISSING.
T  INDICATES TRACE AMOUNT.

$$

TAB
