000
CDUS43 KJKL 190848
CLILOZ

CLIMATE REPORT
NATIONAL WEATHER SERVICE JACKSON KY
448 AM EDT THU APR 19 2018

...................................

...THE LONDON KY CLIMATE SUMMARY FOR APRIL 18 2018...

CLIMATE NORMAL PERIOD 1981 TO 2010
CLIMATE RECORD PERIOD 1954 TO 2018

WEATHER ITEM   OBSERVED TIME   RECORD YEAR NORMAL DEPARTURE LAST
                VALUE   (LST)  VALUE       VALUE  FROM      YEAR
                                                  NORMAL
..................................................................
TEMPERATURE (F)
 YESTERDAY
  MAXIMUM         80    307 PM  88    1955  70     10       71
  MINIMUM         40    605 AM  28    1983  45     -5       60
  AVERAGE         60                        57      3       66

PRECIPITATION (IN)
  YESTERDAY        0.06          1.46 1998   0.13  -0.07     0.01
  MONTH TO DATE    3.69                      2.34   1.35     1.55
  SINCE MAR 1      8.39                      6.39   2.00     6.58
  SINCE JAN 1     18.83                     13.64   5.19    11.90

SNOWFALL (IN)
  YESTERDAY       MM
  MONTH TO DATE   MM
  SINCE MAR 1     MM
  SINCE JUL 1     MM
  SNOW DEPTH      MM

DEGREE DAYS
 HEATING
  YESTERDAY        5                         8     -3        0
  MONTH TO DATE  275                       194     81       90
  SINCE MAR 1    887                       743    144      603

 COOLING
  YESTERDAY        0                         1     -1        1
  MONTH TO DATE    5                        10     -5       16
  SINCE MAR 1      5                        13     -8       19
  SINCE JAN 1     13                        13      0       19
..................................................................

WIND (MPH)
  HIGHEST WIND SPEED    25   HIGHEST WIND DIRECTION     W (250)
  HIGHEST GUST SPEED    37   HIGHEST GUST DIRECTION     W (250)
  AVERAGE WIND SPEED     9.1

SKY COVER
  POSSIBLE SUNSHINE  MM
  AVERAGE SKY COVER 0.1

WEATHER CONDITIONS
 THE FOLLOWING WEATHER WAS RECORDED YESTERDAY.
  RAIN
  FOG

RELATIVE HUMIDITY (PERCENT)
 HIGHEST    96           700 AM
 LOWEST     33           300 PM
 AVERAGE    65

..........................................................

THE LONDON KY CLIMATE NORMALS FOR TODAY
                         NORMAL    RECORD    YEAR
 MAXIMUM TEMPERATURE (F)   70        87      2002
                                             1970
 MINIMUM TEMPERATURE (F)   46        24      1983

SUNRISE AND SUNSET
APRIL 19 2018.........SUNRISE   657 AM EDT   SUNSET   815 PM EDT
APRIL 20 2018.........SUNRISE   655 AM EDT   SUNSET   816 PM EDT

-  INDICATES NEGATIVE NUMBERS.
R  INDICATES RECORD WAS SET OR TIED.
MM INDICATES DATA IS MISSING.
T  INDICATES TRACE AMOUNT.

$$
