732
CDUS43 KJKL 232021 RRA
CLILOZ

CLIMATE REPORT
NATIONAL WEATHER SERVICE JACKSON KY
421 PM EDT WED MAY 23 2018

...................................

...THE LONDON KY CLIMATE SUMMARY FOR MAY 23 2018...
VALID TODAY AS OF 0400 PM LOCAL TIME.

CLIMATE NORMAL PERIOD 1981 TO 2010
CLIMATE RECORD PERIOD 1954 TO 2018

WEATHER ITEM   OBSERVED TIME   RECORD YEAR NORMAL DEPARTURE LAST
                VALUE   (LST)  VALUE       VALUE  FROM      YEAR
                                                  NORMAL
..................................................................
TEMPERATURE (F)
 TODAY
  MAXIMUM         83    231 PM  88    1987  78      5       70
  MINIMUM         62    523 AM  36    1963  55      7       56
  AVERAGE         73                        66      7       63

PRECIPITATION (IN)
  TODAY            0.00          0.82 1979   0.16  -0.16     0.12
  MONTH TO DATE    1.60                      3.81  -2.21     6.32
  SINCE MAR 1     11.69                     11.91  -0.22    16.68
  SINCE JAN 1     22.13                     19.16   2.97    22.00

SNOWFALL (IN)
  TODAY           MM
  MONTH TO DATE   MM
  SINCE MAR 1     MM
  SINCE JUL 1     MM
  SNOW DEPTH      MM

DEGREE DAYS
 HEATING
  TODAY            0                         2     -2        2
  MONTH TO DATE    4                        82    -78       78
  SINCE MAR 1   1022                       907    115      715

 COOLING
  TODAY            8                         4      4        0
  MONTH TO DATE  141                        53     88       68
  SINCE MAR 1    146                        79     67      125
  SINCE JAN 1    154                        79     75      125
..................................................................

WIND (MPH)
  HIGHEST WIND SPEED     9   HIGHEST WIND DIRECTION    NE (30)
  HIGHEST GUST SPEED    14   HIGHEST GUST DIRECTION     N (340)
  AVERAGE WIND SPEED     1.7

SKY COVER
  POSSIBLE SUNSHINE  MM
  AVERAGE SKY COVER 0.9

WEATHER CONDITIONS
 THE FOLLOWING WEATHER WAS RECORDED TODAY.
  FOG
  FOG W/VISIBILITY <= 1/4 MILE

RELATIVE HUMIDITY (PERCENT)
 HIGHEST   100          1200 AM
 LOWEST     54           300 PM
 AVERAGE    77

..........................................................

THE LONDON KY CLIMATE NORMALS FOR TOMORROW
                         NORMAL    RECORD    YEAR
 MAXIMUM TEMPERATURE (F)   78        89      1958
 MINIMUM TEMPERATURE (F)   56        36      1961

SUNRISE AND SUNSET
MAY 23 2018...........SUNRISE   622 AM EDT   SUNSET   844 PM EDT
MAY 24 2018...........SUNRISE   622 AM EDT   SUNSET   845 PM EDT

-  INDICATES NEGATIVE NUMBERS.
R  INDICATES RECORD WAS SET OR TIED.
MM INDICATES DATA IS MISSING.
T  INDICATES TRACE AMOUNT.

$$

CARICO
