000
CDUS43 KJKL 210648
CLILOZ

CLIMATE REPORT
NATIONAL WEATHER SERVICE JACKSON KY
248 AM EDT SAT APR 21 2018

...................................

...THE LONDON KY CLIMATE SUMMARY FOR APRIL 20 2018...

CLIMATE NORMAL PERIOD 1981 TO 2010
CLIMATE RECORD PERIOD 1954 TO 2018


WEATHER ITEM   OBSERVED TIME   RECORD YEAR NORMAL DEPARTURE LAST
                VALUE   (LST)  VALUE       VALUE  FROM      YEAR
                                                  NORMAL
..................................................................
TEMPERATURE (F)
 YESTERDAY
  MAXIMUM         63    534 PM  88    1964  70     -7       82
  MINIMUM         29    443 AM  23    1983  46    -17       58
  AVERAGE         46                        58    -12       70

PRECIPITATION (IN)
  YESTERDAY        0.00          1.20 1958   0.14  -0.14     0.05
  MONTH TO DATE    3.75                      2.62   1.13     1.91
  SINCE MAR 1      8.45                      6.67   1.78     6.94
  SINCE JAN 1     18.89                     13.92   4.97    12.26

SNOWFALL (IN)
  YESTERDAY       MM
  MONTH TO DATE   MM
  SINCE MAR 1     MM
  SINCE JUL 1     MM
  SNOW DEPTH      MM

DEGREE DAYS
 HEATING
  YESTERDAY       19                         8     11        0
  MONTH TO DATE  314                       210    104       90
  SINCE MAR 1    926                       759    167      603

 COOLING
  YESTERDAY        0                         1     -1        5
  MONTH TO DATE    5                        12     -7       25
  SINCE MAR 1      5                        15    -10       28
  SINCE JAN 1     13                        15     -2       28
..................................................................

WIND (MPH)
  HIGHEST WIND SPEED    13   HIGHEST WIND DIRECTION     N (10)
  HIGHEST GUST SPEED    21   HIGHEST GUST DIRECTION    NE (60)
  AVERAGE WIND SPEED     4.9

SKY COVER
  POSSIBLE SUNSHINE  MM
  AVERAGE SKY COVER 0.0

WEATHER CONDITIONS
 THE FOLLOWING WEATHER WAS RECORDED YESTERDAY.
  FOG

RELATIVE HUMIDITY (PERCENT)
 HIGHEST   100           700 AM
 LOWEST     19           500 PM
 AVERAGE    60

..........................................................

THE LONDON KY CLIMATE NORMALS FOR TODAY
                         NORMAL    RECORD    YEAR
 MAXIMUM TEMPERATURE (F)   70        87      1963
 MINIMUM TEMPERATURE (F)   46        25      1983

SUNRISE AND SUNSET
APRIL 21 2018.........SUNRISE   654 AM EDT   SUNSET   817 PM EDT
APRIL 22 2018.........SUNRISE   653 AM EDT   SUNSET   817 PM EDT

-  INDICATES NEGATIVE NUMBERS.
R  INDICATES RECORD WAS SET OR TIED.
MM INDICATES DATA IS MISSING.
T  INDICATES TRACE AMOUNT.

$$
