000
CDUS43 KJKL 142019
CLILOZ

CLIMATE REPORT
NATIONAL WEATHER SERVICE JACKSON KY
418 PM EDT SAT APR 14 2018

...................................

...THE LONDON KY CLIMATE SUMMARY FOR APRIL 14 2018...
VALID TODAY AS OF 0400 PM LOCAL TIME.

CLIMATE NORMAL PERIOD 1981 TO 2010
CLIMATE RECORD PERIOD 1954 TO 2018

WEATHER ITEM   OBSERVED TIME   RECORD YEAR NORMAL DEPARTURE LAST
                VALUE   (LST)  VALUE       VALUE  FROM      YEAR
                                                  NORMAL
..................................................................
TEMPERATURE (F)
 TODAY
  MAXIMUM         76   1230 PM  87    2006  68      8       85
  MINIMUM         62    238 PM  26    1962  44     18       45
  AVERAGE         69                        56     13       65

PRECIPITATION (IN)
  TODAY            0.18          1.37 2007   0.13   0.05     0.00
  MONTH TO DATE    1.79                      1.82  -0.03     0.76
  SINCE MAR 1      6.49                      5.87   0.62     5.79
  SINCE JAN 1     16.93                     13.12   3.81    11.11

SNOWFALL (IN)
  TODAY           MM
  MONTH TO DATE   MM
  SINCE MAR 1     MM
  SINCE JUL 1     MM
  SNOW DEPTH      MM

DEGREE DAYS
 HEATING
  TODAY            0                        10    -10        0
  MONTH TO DATE  210                       159     51       90
  SINCE MAR 1    822                       708    114      603

 COOLING
  TODAY            4                         1      3        0
  MONTH TO DATE    6                         6      0        6
  SINCE MAR 1      6                         9     -3        9
  SINCE JAN 1     14                         9      5        9
..................................................................

WIND (MPH)
  HIGHEST WIND SPEED    24   HIGHEST WIND DIRECTION     S (200)
  HIGHEST GUST SPEED    40   HIGHEST GUST DIRECTION     S (180)
  AVERAGE WIND SPEED    10.7

SKY COVER
  POSSIBLE SUNSHINE  MM
  AVERAGE SKY COVER 0.3

WEATHER CONDITIONS
 THE FOLLOWING WEATHER WAS RECORDED TODAY.
  HEAVY RAIN
  RAIN
  LIGHT RAIN
  FOG

RELATIVE HUMIDITY (PERCENT)
 HIGHEST   100           300 PM
 LOWEST     46          1100 AM
 AVERAGE    73
..........................................................

THE LONDON KY CLIMATE NORMALS FOR TOMORROW
                         NORMAL    RECORD    YEAR
 MAXIMUM TEMPERATURE (F)   69        85      2006
                                             1977
 MINIMUM TEMPERATURE (F)   44        27      1963

SUNRISE AND SUNSET
APRIL 14 2018.........SUNRISE   703 AM EDT   SUNSET   810 PM EDT
APRIL 15 2018.........SUNRISE   702 AM EDT   SUNSET   811 PM EDT

-  INDICATES NEGATIVE NUMBERS.
R  INDICATES RECORD WAS SET OR TIED.
MM INDICATES DATA IS MISSING.
T  INDICATES TRACE AMOUNT.

$$

TAB
