805
CDUS43 KJKL 152020
CLILOZ

CLIMATE REPORT
NATIONAL WEATHER SERVICE JACKSON KY
419 PM EDT SUN APR 15 2018

...................................

...THE LONDON KY CLIMATE SUMMARY FOR APRIL 15 2018...
VALID TODAY AS OF 0400 PM LOCAL TIME.

CLIMATE NORMAL PERIOD 1981 TO 2010
CLIMATE RECORD PERIOD 1954 TO 2018

WEATHER ITEM   OBSERVED TIME   RECORD YEAR NORMAL DEPARTURE LAST
                VALUE   (LST)  VALUE       VALUE  FROM      YEAR
                                                  NORMAL
..................................................................
TEMPERATURE (F)
 TODAY
  MAXIMUM         63    954 AM  85    2006  69     -6       83
                                      1977
  MINIMUM         51    252 PM  27    1963  44      7       54
  AVERAGE         57                        56      1       69

PRECIPITATION (IN)
  TODAY            1.30          1.86 1956   0.12   1.18     0.00
  MONTH TO DATE    3.60                      1.94   1.66     0.76
  SINCE MAR 1      8.30                      5.99   2.31     5.79
  SINCE JAN 1     18.74                     13.24   5.50    11.11

SNOWFALL (IN)
  TODAY           MM
  MONTH TO DATE   MM
  SINCE MAR 1     MM
  SINCE JUL 1     MM
  SNOW DEPTH      MM

DEGREE DAYS
 HEATING
  TODAY            8                         9     -1        0
  MONTH TO DATE  218                       168     50       90
  SINCE MAR 1    830                       717    113      603

 COOLING
  TODAY            0                         1     -1        4
  MONTH TO DATE    5                         7     -2       10
  SINCE MAR 1      5                        10     -5       13
  SINCE JAN 1     13                        10      3       13
..................................................................

WIND (MPH)
  HIGHEST WIND SPEED    23   HIGHEST WIND DIRECTION     W (260)
  HIGHEST GUST SPEED    32   HIGHEST GUST DIRECTION     W (250)
  AVERAGE WIND SPEED     7.2

SKY COVER
  POSSIBLE SUNSHINE  MM
  AVERAGE SKY COVER 1.0

WEATHER CONDITIONS
 THE FOLLOWING WEATHER WAS RECORDED TODAY.
  HEAVY RAIN
  RAIN
  LIGHT RAIN
  FOG

RELATIVE HUMIDITY (PERCENT)
 HIGHEST   100          1100 AM
 LOWEST     93           800 AM
 AVERAGE    97
..........................................................

THE LONDON KY CLIMATE NORMALS FOR TOMORROW
                         NORMAL    RECORD    YEAR
 MAXIMUM TEMPERATURE (F)   69        86      2002
 MINIMUM TEMPERATURE (F)   45        25      1962

SUNRISE AND SUNSET
APRIL 15 2018.........SUNRISE   702 AM EDT   SUNSET   811 PM EDT
APRIL 16 2018.........SUNRISE   701 AM EDT   SUNSET   812 PM EDT

-  INDICATES NEGATIVE NUMBERS.
R  INDICATES RECORD WAS SET OR TIED.
MM INDICATES DATA IS MISSING.
T  INDICATES TRACE AMOUNT.

$$

TAB
