000
CDUS43 KJKL 090529
CLILOZ

CLIMATE REPORT
NATIONAL WEATHER SERVICE JACKSON KY
128 AM EDT MON APR 9 2018

...................................

...THE LONDON KY CLIMATE SUMMARY FOR APRIL 8 2018...

CLIMATE NORMAL PERIOD 1981 TO 2010
CLIMATE RECORD PERIOD 1954 TO 2018


WEATHER ITEM   OBSERVED TIME   RECORD YEAR NORMAL DEPARTURE LAST
                VALUE   (LST)  VALUE       VALUE  FROM      YEAR
                                                  NORMAL
..................................................................
TEMPERATURE (F)
 YESTERDAY
  MAXIMUM         47    307 PM  86    2001  66    -19       66
  MINIMUM         23    636 AM  19    2007  42    -19       32
  AVERAGE         35                        54    -19       49

PRECIPITATION (IN)
  YESTERDAY        0.00          1.92 1957   0.13  -0.13     0.00
  MONTH TO DATE    1.54                      1.02   0.52     0.75
  SINCE MAR 1      6.24                      5.07   1.17     5.78
  SINCE JAN 1     16.68                     12.32   4.36    11.10

SNOWFALL (IN)
  YESTERDAY       MM
  MONTH TO DATE   MM
  SINCE MAR 1     MM
  SINCE JUL 1     MM
  SNOW DEPTH      MM

DEGREE DAYS
 HEATING
  YESTERDAY       30                        11     19       16
  MONTH TO DATE  150                        97     53       79
  SINCE MAR 1    762                       646    116      592

 COOLING
  YESTERDAY        0                         0      0        0
  MONTH TO DATE    0                         0      0        0
  SINCE MAR 1      0                         3     -3        3
  SINCE JAN 1      8                         3      5        3
..................................................................


WIND (MPH)
  HIGHEST WIND SPEED     9   HIGHEST WIND DIRECTION    NE (40)
  HIGHEST GUST SPEED    13   HIGHEST GUST DIRECTION     E (80)
  AVERAGE WIND SPEED     2.5


SKY COVER
  POSSIBLE SUNSHINE  MM
  AVERAGE SKY COVER 0.2


WEATHER CONDITIONS
 THE FOLLOWING WEATHER WAS RECORDED YESTERDAY.
  FOG


RELATIVE HUMIDITY (PERCENT)
 HIGHEST    96           600 AM
 LOWEST     37           200 PM
 AVERAGE    67

..........................................................


THE LONDON KY CLIMATE NORMALS FOR TODAY
                         NORMAL    RECORD    YEAR
 MAXIMUM TEMPERATURE (F)   67        86      2015
 MINIMUM TEMPERATURE (F)   43        23      2007
                                             1972


SUNRISE AND SUNSET
APRIL  9 2018.........SUNRISE   710 AM EDT   SUNSET   806 PM EDT
APRIL 10 2018.........SUNRISE   709 AM EDT   SUNSET   807 PM EDT


-  INDICATES NEGATIVE NUMBERS.
R  INDICATES RECORD WAS SET OR TIED.
MM INDICATES DATA IS MISSING.
T  INDICATES TRACE AMOUNT.




$$
