000
CDUS43 KJKL 080545
CLILOZ

CLIMATE REPORT
NATIONAL WEATHER SERVICE JACKSON KY
145 AM EDT TUE MAY 8 2018
...................................

...THE LONDON KY CLIMATE SUMMARY FOR MAY 7 2018...

CLIMATE NORMAL PERIOD 1981 TO 2010
CLIMATE RECORD PERIOD 1954 TO 2018

WEATHER ITEM   OBSERVED TIME   RECORD YEAR NORMAL DEPARTURE LAST
                VALUE   (LST)  VALUE       VALUE  FROM      YEAR
                                                  NORMAL
..................................................................
TEMPERATURE (F)
 YESTERDAY
  MAXIMUM         78    327 PM  88    2014  74      4       65
  MINIMUM         53    653 AM  34    1989  51      2       35
  AVERAGE         66                        62      4       50

PRECIPITATION (IN)
  YESTERDAY        0.00          4.08 1984   0.17  -0.17     0.00
  MONTH TO DATE    0.71                      1.11  -0.40     2.32
  SINCE MAR 1     10.80                      9.21   1.59    12.68
  SINCE JAN 1     21.24                     16.46   4.78    18.00

SNOWFALL (IN)
  YESTERDAY       MM
  MONTH TO DATE   MM
  SINCE MAR 1     MM
  SINCE JUL 1     MM
  SNOW DEPTH      MM

DEGREE DAYS
 HEATING
  YESTERDAY        0                         4     -4       15
  MONTH TO DATE    4                        32    -28       57
  SINCE MAR 1   1022                       857    165      694

 COOLING
  YESTERDAY        1                         2     -1        0
  MONTH TO DATE   17                         9      8        0
  SINCE MAR 1     22                        35    -13       57
  SINCE JAN 1     30                        35     -5       57
..................................................................

WIND (MPH)
  HIGHEST WIND SPEED    15   HIGHEST WIND DIRECTION     N (360)
  HIGHEST GUST SPEED    21   HIGHEST GUST DIRECTION     N (340)
  AVERAGE WIND SPEED     4.2

SKY COVER
  POSSIBLE SUNSHINE  MM
  AVERAGE SKY COVER 0.4

WEATHER CONDITIONS
 THE FOLLOWING WEATHER WAS RECORDED YESTERDAY.
  FOG
  FOG W/VISIBILITY <= 1/4 MILE

RELATIVE HUMIDITY (PERCENT)
 HIGHEST   100           200 AM
 LOWEST     32           300 PM
 AVERAGE    66
..........................................................

THE LONDON KY CLIMATE NORMALS FOR TODAY
                         NORMAL    RECORD    YEAR
 MAXIMUM TEMPERATURE (F)   75        88      2015
 MINIMUM TEMPERATURE (F)   51        32      1989

SUNRISE AND SUNSET
MAY  8 2018...........SUNRISE   634 AM EDT   SUNSET   832 PM EDT
MAY  9 2018...........SUNRISE   633 AM EDT   SUNSET   833 PM EDT

-  INDICATES NEGATIVE NUMBERS.
R  INDICATES RECORD WAS SET OR TIED.
MM INDICATES DATA IS MISSING.
T  INDICATES TRACE AMOUNT.

$$
