000
CDUS43 KJKL 040640
CLILOZ

CLIMATE REPORT
NATIONAL WEATHER SERVICE JACKSON KY
240 AM EDT FRI MAY 4 2018

...................................

...THE LONDON KY CLIMATE SUMMARY FOR MAY 3 2018...

CLIMATE NORMAL PERIOD 1981 TO 2010
CLIMATE RECORD PERIOD 1954 TO 2018

WEATHER ITEM   OBSERVED TIME   RECORD YEAR NORMAL DEPARTURE LAST
                VALUE   (LST)  VALUE       VALUE  FROM      YEAR
                                                  NORMAL
..................................................................
TEMPERATURE (F)
 YESTERDAY
  MAXIMUM         86    455 PM  87    1959  73     13       72
  MINIMUM         58    622 AM  32    2005  50      8       47
                                      1961
  AVERAGE         72                        62     10       60

PRECIPITATION (IN)
  YESTERDAY        0.00          2.67 2009   0.16  -0.16     0.00
  MONTH TO DATE    0.00                      0.46  -0.46     0.82
  SINCE MAR 1     10.09                      8.56   1.53    11.18
  SINCE JAN 1     20.53                     15.81   4.72    16.50

SNOWFALL (IN)
  YESTERDAY       MM
  MONTH TO DATE   MM
  SINCE MAR 1     MM
  SINCE JUL 1     MM
  SNOW DEPTH      MM

DEGREE DAYS
 HEATING
  YESTERDAY        0                         5     -5        5
  MONTH TO DATE    3                        15    -12        8
  SINCE MAR 1   1021                       840    181      645

 COOLING
  YESTERDAY        7                         1      6        0
  MONTH TO DATE    9                         3      6        0
  SINCE MAR 1     14                        29    -15       57
  SINCE JAN 1     22                        29     -7       57
..................................................................

WIND (MPH)
  HIGHEST WIND SPEED    18   HIGHEST WIND DIRECTION     W (250)
  HIGHEST GUST SPEED    25   HIGHEST GUST DIRECTION    SW (230)
  AVERAGE WIND SPEED     6.0

SKY COVER
  POSSIBLE SUNSHINE  MM
  AVERAGE SKY COVER 0.1

WEATHER CONDITIONS
 THE FOLLOWING WEATHER WAS RECORDED YESTERDAY.
  NO SIGNIFICANT WEATHER WAS OBSERVED.

RELATIVE HUMIDITY (PERCENT)
 HIGHEST    93           600 AM
 LOWEST     40           100 PM
 AVERAGE    67
..........................................................

THE LONDON KY CLIMATE NORMALS FOR TODAY
                         NORMAL    RECORD    YEAR
 MAXIMUM TEMPERATURE (F)   74        87      1955
 MINIMUM TEMPERATURE (F)   50        29      1971

SUNRISE AND SUNSET
MAY  4 2018...........SUNRISE   639 AM EDT   SUNSET   828 PM EDT
MAY  5 2018...........SUNRISE   637 AM EDT   SUNSET   829 PM EDT

-  INDICATES NEGATIVE NUMBERS.
R  INDICATES RECORD WAS SET OR TIED.
MM INDICATES DATA IS MISSING.
T  INDICATES TRACE AMOUNT.

$$

GEOGERIAN
