082
CDUS43 KJKL 100550
CLILOZ

CLIMATE REPORT
NATIONAL WEATHER SERVICE JACKSON KY
150 AM EDT THU MAY 10 2018
...................................

...THE LONDON KY CLIMATE SUMMARY FOR MAY 9 2018...

CLIMATE NORMAL PERIOD 1981 TO 2010
CLIMATE RECORD PERIOD 1954 TO 2018

WEATHER ITEM   OBSERVED TIME   RECORD YEAR NORMAL DEPARTURE LAST
                VALUE   (LST)  VALUE       VALUE  FROM      YEAR
                                                  NORMAL
..................................................................
TEMPERATURE (F)
 YESTERDAY
  MAXIMUM         82    246 PM  88    1963  75      7       82
  MINIMUM         53    529 AM  33    1976  51      2       53
  AVERAGE         68                        63      5       68

PRECIPITATION (IN)
  YESTERDAY        T             0.67 2009   0.17  -0.17     0.01
  MONTH TO DATE    0.71                      1.45  -0.74     2.36
  SINCE MAR 1     10.80                      9.55   1.25    12.72
  SINCE JAN 1     21.24                     16.80   4.44    18.04

SNOWFALL (IN)
  YESTERDAY       MM
  MONTH TO DATE   MM
  SINCE MAR 1     MM
  SINCE JUL 1     MM
  SNOW DEPTH      MM

DEGREE DAYS
 HEATING
  YESTERDAY        0                         4     -4        0
  MONTH TO DATE    4                        40    -36       68
  SINCE MAR 1   1022                       865    157      705

 COOLING
  YESTERDAY        3                         2      1        3
  MONTH TO DATE   22                        13      9        3
  SINCE MAR 1     27                        39    -12       60
  SINCE JAN 1     35                        39     -4       60
..................................................................

WIND (MPH)
  HIGHEST WIND SPEED    17   HIGHEST WIND DIRECTION     W (260)
  HIGHEST GUST SPEED    24   HIGHEST GUST DIRECTION    SW (220)
  AVERAGE WIND SPEED     5.8

SKY COVER
  POSSIBLE SUNSHINE  MM
  AVERAGE SKY COVER 0.2

WEATHER CONDITIONS
 THE FOLLOWING WEATHER WAS RECORDED YESTERDAY.
  LIGHT RAIN

RELATIVE HUMIDITY (PERCENT)
 HIGHEST    94           555 AM
 LOWEST     39          1200 PM
 AVERAGE    67

..........................................................

THE LONDON KY CLIMATE NORMALS FOR TODAY
                         NORMAL    RECORD    YEAR
 MAXIMUM TEMPERATURE (F)   75        86      2015
                                             2007
                                             2003
 MINIMUM TEMPERATURE (F)   52        30      1966

SUNRISE AND SUNSET
MAY 10 2018...........SUNRISE   633 AM EDT   SUNSET   833 PM EDT
MAY 11 2018...........SUNRISE   632 AM EDT   SUNSET   834 PM EDT

-  INDICATES NEGATIVE NUMBERS.
R  INDICATES RECORD WAS SET OR TIED.
MM INDICATES DATA IS MISSING.
T  INDICATES TRACE AMOUNT.

$$
