000
CDUS43 KJKL 272032
CLILOZ

CLIMATE REPORT
NATIONAL WEATHER SERVICE JACKSON KY
432 PM EDT TUE MAR 27 2018

...................................

...THE LONDON KY CLIMATE SUMMARY FOR MARCH 27 2018...
VALID TODAY AS OF 0400 PM LOCAL TIME.

CLIMATE NORMAL PERIOD 1981 TO 2010
CLIMATE RECORD PERIOD 1954 TO 2018

WEATHER ITEM   OBSERVED TIME   RECORD YEAR NORMAL DEPARTURE LAST
                VALUE   (LST)  VALUE       VALUE  FROM      YEAR
                                                  NORMAL
..................................................................
TEMPERATURE (F)
 TODAY
  MAXIMUM         66    245 PM  83    2007  62      4       74
  MINIMUM         51    721 AM  14    1955  39     12       49
  AVERAGE         59                        51      8       62

PRECIPITATION (IN)
  TODAY            0.00          2.61 1994   0.13  -0.13     0.50
  MONTH TO DATE    3.39                      3.52  -0.13     4.50
  SINCE MAR 1      3.39                      3.52  -0.13     4.50
  SINCE JAN 1     13.83                     10.77   3.06     9.82

SNOWFALL (IN)
  TODAY           MM
  MONTH TO DATE   MM
  SINCE MAR 1     MM
  SINCE JUL 1     MM
  SNOW DEPTH      MM

DEGREE DAYS
 HEATING
  TODAY            6                        15     -9        3
  MONTH TO DATE  571                       493     78      498
  SINCE MAR 1    571                       493     78      498

 COOLING
  TODAY            0                         0      0        0
  MONTH TO DATE    0                         0      0        1
  SINCE MAR 1      0                         0      0        1
  SINCE JAN 1      8                         0      8        1
..................................................................

WIND (MPH)
  HIGHEST WIND SPEED    18   HIGHEST WIND DIRECTION    SW (240)
  HIGHEST GUST SPEED    30   HIGHEST GUST DIRECTION    SW (230)
  AVERAGE WIND SPEED    10.7

SKY COVER
  POSSIBLE SUNSHINE  MM
  AVERAGE SKY COVER 0.9

WEATHER CONDITIONS
 THE FOLLOWING WEATHER WAS RECORDED TODAY.
  NO SIGNIFICANT WEATHER WAS OBSERVED.

RELATIVE HUMIDITY (PERCENT)
 HIGHEST    68           600 AM
 LOWEST     51          1200 AM
 AVERAGE    60

..........................................................

THE LONDON KY CLIMATE NORMALS FOR TOMORROW
                         NORMAL    RECORD    YEAR
 MAXIMUM TEMPERATURE (F)   63        83      1989
                                             1983
 MINIMUM TEMPERATURE (F)   39        20      2001

SUNRISE AND SUNSET
MARCH 27 2018.........SUNRISE   729 AM EDT   SUNSET   754 PM EDT
MARCH 28 2018.........SUNRISE   728 AM EDT   SUNSET   755 PM EDT

-  INDICATES NEGATIVE NUMBERS.
R  INDICATES RECORD WAS SET OR TIED.
MM INDICATES DATA IS MISSING.
T  INDICATES TRACE AMOUNT.

$$

CARICO
