000
CDUS43 KJKL 290526
CLILOZ

CLIMATE REPORT
NATIONAL WEATHER SERVICE JACKSON KY
125 AM EDT SUN APR 29 2018

...................................

...THE LONDON KY CLIMATE SUMMARY FOR APRIL 28 2018...

CLIMATE NORMAL PERIOD 1981 TO 2010
CLIMATE RECORD PERIOD 1954 TO 2018

WEATHER ITEM   OBSERVED TIME   RECORD YEAR NORMAL DEPARTURE LAST
                VALUE   (LST)  VALUE       VALUE  FROM      YEAR
                                                  NORMAL
..................................................................
TEMPERATURE (F)
 YESTERDAY
  MAXIMUM         69    203 PM  85    1956  72     -3       82
  MINIMUM         43    602 AM  30    1967  48     -5       49
  AVERAGE         56                        60     -4       66

PRECIPITATION (IN)
  YESTERDAY        0.00          1.55 1970   0.14  -0.14     0.00
  MONTH TO DATE    5.39                      3.78   1.61     5.31
  SINCE MAR 1     10.09                      7.83   2.26    10.34
  SINCE JAN 1     20.53                     15.08   5.45    15.66

SNOWFALL (IN)
  YESTERDAY       MM
  MONTH TO DATE   MM
  SINCE MAR 1     MM
  SINCE JUL 1     MM
  SNOW DEPTH      MM

DEGREE DAYS
 HEATING
  YESTERDAY        9                         6      3        0
  MONTH TO DATE  381                       264    117      124
  SINCE MAR 1    993                       813    180      637

 COOLING
  YESTERDAY        0                         1     -1        1
  MONTH TO DATE    5                        20    -15       32
  SINCE MAR 1      5                        23    -18       35
  SINCE JAN 1     13                        23    -10       35
..................................................................

WIND (MPH)
  HIGHEST WIND SPEED    22   HIGHEST WIND DIRECTION     W (280)
  HIGHEST GUST SPEED    30   HIGHEST GUST DIRECTION     W (260)
  AVERAGE WIND SPEED     8.2

SKY COVER
  POSSIBLE SUNSHINE  MM
  AVERAGE SKY COVER 0.0

WEATHER CONDITIONS
 THE FOLLOWING WEATHER WAS RECORDED YESTERDAY.
  NO SIGNIFICANT WEATHER WAS OBSERVED.

RELATIVE HUMIDITY (PERCENT)
 HIGHEST    92           300 AM
 LOWEST     33           100 PM
 AVERAGE    63
..........................................................

THE LONDON KY CLIMATE NORMALS FOR TODAY
                         NORMAL    RECORD    YEAR
 MAXIMUM TEMPERATURE (F)   73        88      2017
 MINIMUM TEMPERATURE (F)   49        30      1961

SUNRISE AND SUNSET
APRIL 29 2018.........SUNRISE   644 AM EDT   SUNSET   824 PM EDT
APRIL 30 2018.........SUNRISE   643 AM EDT   SUNSET   825 PM EDT

-  INDICATES NEGATIVE NUMBERS.
R  INDICATES RECORD WAS SET OR TIED.
MM INDICATES DATA IS MISSING.
T  INDICATES TRACE AMOUNT.

$$
GREIF
