000
CXUS53 KJKL 011438
CLMLOZ

CLIMATE REPORT
NATIONAL WEATHER SERVICE JACKSON KY
938 AM EST THU MAR 1 2018

...................................

...THE LONDON KY CLIMATE SUMMARY FOR THE MONTH OF FEBRUARY 2018...

CLIMATE NORMAL PERIOD 1981 TO 2010
CLIMATE RECORD PERIOD 1954 TO 2018

WEATHER         OBSERVED          NORMAL  DEPART  LAST YEAR`S
                 VALUE   DATE(S)  VALUE   FROM    VALUE  DATE(S)
                                          NORMAL
................................................................
TEMPERATURE (F)
RECORD
 HIGH              81   02/26/1977
 LOW              -17   02/20/2015
HIGHEST            77   02/23        MM      MM       76  02/24
                        02/20
LOWEST             15   02/03        MM      MM       14  02/04
                        02/02
AVG. MAXIMUM     57.0              49.7     7.3     57.8
AVG. MINIMUM     38.4              29.4     9.0     34.6
MEAN             47.7              39.5     8.2     46.2
DAYS MAX >= 90      0               0.0     0.0        0
DAYS MAX <= 32      1               2.3    -1.3        0
DAYS MIN <= 32     12              17.8    -5.8       13
DAYS MIN <= 0       0               0.0     0.0        0

PRECIPITATION (INCHES)
RECORD
 MAXIMUM        10.64   1956
 MINIMUM         0.65   1968
TOTALS           8.93              3.71    5.22       MM
DAILY AVG.       0.32              0.13    0.19     0.05
DAYS >= .01        18              11.8     6.2        8
DAYS >= .10        13               7.5     5.5        6
DAYS >= .50         8               2.5     5.5        0
DAYS >= 1.00        1               0.9     0.1        0
GREATEST
 24 HR. TOTAL    1.84   02/10 TO 02/10                MM

SNOWFALL (INCHES)
RECORDS
 TOTAL           23.5   1979
TOTALS             MM               3.1      MM       MM
SINCE 7/1          MM               8.7      MM       MM
SNOWDEPTH AVG.     MM                MM      MM       MM
DAYS >= 1.0        MM               1.5      MM       MM
GREATEST
 SNOW DEPTH        MM                                 MM
 24 HR TOTAL       MM                                 MM

DEGREE_DAYS
HEATING TOTAL      MM               713      MM      518
 SINCE 7/1         MM              3276      MM     2595
COOLING TOTAL       8                 0       8        0
 SINCE 1/1          8                 0       8        0
.................................................................

WIND (MPH)
AVERAGE WIND SPEED              6.6
HIGHEST WIND SPEED/DIRECTION    32/280    DATE  02/25
HIGHEST GUST SPEED/DIRECTION    46/200    DATE  02/25

SKY COVER
POSSIBLE SUNSHINE (PERCENT)   MM
AVERAGE SKY COVER           0.70
NUMBER OF DAYS FAIR            3
NUMBER OF DAYS PC             12
NUMBER OF DAYS CLOUDY         13

AVERAGE RH (PERCENT)     74

WEATHER CONDITIONS. NUMBER OF DAYS WITH
THUNDERSTORM              0     MIXED PRECIP               0
HEAVY RAIN               11     RAIN                      12
LIGHT RAIN               17     FREEZING RAIN              0
LT FREEZING RAIN          2     HAIL                       0
HEAVY SNOW                0     SNOW                       0
LIGHT SNOW                2     SLEET                      0
FOG                      16     FOG W/VIS <= 1/4 MILE      2
HAZE                      1

-  INDICATES NEGATIVE NUMBERS.
R  INDICATES RECORD WAS SET OR TIED.
MM INDICATES DATA IS MISSING.
T  INDICATES TRACE AMOUNT.

$$

CARICO

...HEATING DEGREE DAY MONTHLY/SEASONAL TOTALS MISSING DUE TO
TEMPERATURES SENSOR ERROR IN JANUARY...
