000
CXUS53 KJKL 011540
CLMLOZ
CLIMATE REPORT
NATIONAL WEATHER SERVICE JACKSON KY
1140 AM EDT TUE AUG 01 2023
...................................
...THE LONDON KY CLIMATE SUMMARY FOR THE MONTH OF JULY 2023...
CLIMATE NORMAL PERIOD 1991 TO 2020
CLIMATE RECORD PERIOD 1954 TO 2023
WEATHER OBSERVED NORMAL DEPART LAST YEAR`S
VALUE DATE(S) VALUE FROM VALUE DATE(S)
NORMAL
................................................................
TEMPERATURE (F)
RECORD
HIGH 101 07/01/2012
07/31/1999
07/30/1999
LOW 45 07/10/1961
HIGHEST 95 07/28 MM MM 97 07/06
LOWEST 59 07/11 MM MM 62 07/14
AVG. MAXIMUM 86.2 86.3 -0.1 87.5
AVG. MINIMUM 66.9 66.3 0.6 68.5
MEAN 76.5 76.3 0.2 78.0
DAYS MAX >= 90 6 7.5 -1.5 11
DAYS MAX <= 32 0 0.0 0.0 0
DAYS MIN <= 32 0 0.0 0.0 0
DAYS MIN <= 0 0 0.0 0.0 0
PRECIPITATION (INCHES)
RECORD
MAXIMUM 11.23 2015
MINIMUM 1.12 1974
TOTALS 3.56 5.16 -1.60 7.66
DAILY AVG. 0.11 0.17 -0.06 0.25
DAYS >= .01 14 13.4 0.6 18
DAYS >= .10 7 8.9 -1.9 11
DAYS >= .50 3 3.6 -0.6 5
DAYS >= 1.00 0 1.4 -1.4 2
GREATEST
24 HR. TOTAL 0.92 07/06 TO 07/06 3.12
SNOWFALL (INCHES)
RECORDS
TOTAL MM MM
TOTALS MM MM MM MM
SINCE 7/1 MM MM MM MM
SNOWDEPTH AVG. MM MM
DAYS >= 1.0 MM MM MM MM
GREATEST
SNOW DEPTH MM MM
24 HR TOTAL MM MM
DEGREE DAYS
HEATING TOTAL 0 0 0 0
SINCE 7/1 0 0 0 MM
COOLING TOTAL 367 350 17 413
SINCE 1/1 597 723 -126 MM
................................................................
WIND (MPH)
AVERAGE WIND SPEED 4.3
HIGHEST WIND SPEED/DIRECTION 36/270 DATE 07/18
HIGHEST GUST SPEED/DIRECTION 51/280 DATE 07/18
SKY COVER
POSSIBLE SUNSHINE (PERCENT) MM
AVERAGE SKY COVER 0.30
NUMBER OF DAYS FAIR 18
NUMBER OF DAYS PC 8
NUMBER OF DAYS CLOUDY 1
AVERAGE RH (PERCENT) 77
WEATHER CONDITIONS. NUMBER OF DAYS WITH
THUNDERSTORM 9 MIXED PRECIP 0
HEAVY RAIN 4 RAIN 4
LIGHT RAIN 14 FREEZING RAIN 0
LT FREEZING RAIN 0 HAIL 0
HEAVY SNOW 0 SNOW 0
LIGHT SNOW 0 SLEET 0
FOG 20 FOG W/VIS <= 1/4 MILE 6
HAZE 3
- INDICATES NEGATIVE NUMBERS.
R INDICATES RECORD WAS SET OR TIED.
MM INDICATES DATA IS MISSING.
T INDICATES TRACE AMOUNT.
$$
TAB