000
CXUS53 KLBF 291410
CF6BBW
PRELIMINARY LOCAL CLIMATOLOGICAL DATA (WS FORM: F-6)
STATION: BROKEN BOW
MONTH: MARCH
YEAR: 2024
LATITUDE: 41 26 N
LONGITUDE: 99 39 W
TEMPERATURE IN F: :PCPN: SNOW: WIND :SUNSHINE: SKY :PK WND
================================================================================
1 2 3 4 5 6A 6B 7 8 9 10 11 12 13 14 15 16 17 18
12Z AVG MX 2MIN
DY MAX MIN AVG DEP HDD CDD WTR SNW DPTH SPD SPD DIR MIN PSBL S-S WX SPD DR
================================================================================
1 75 28 52 19 13 0 0.00 M M 10.4 22 250 M M 0 33 240
2 57 27 42 8 23 0 0.00 M M 8.0 20 170 M M 2 12 25 160
3 60 26 43 9 22 0 0.00 M M 11.0 37 300 M M 1 1 49 300
4 54 26 40 5 25 0 0.00 M M 8.1 18 360 M M 1 25 360
5 55 28 42 7 23 0 0.00 M M 6.3 23 300 M M 3 32 270
6 60 31 46 10 19 0 0.00 M M 13.1 28 180 M M 2 38 160
7 46 26 36 0 29 0 0.09 M M 17.7 25 360 M M 6 12 37 20
8 40 6 23 -13 42 0 0.03 M M 11.4 24 360 M M 7 128 33 350
9 44 9 27 -10 38 0 0.00 M M 2.2 16 310 M M 0 19 300
10 61 17 39 2 26 0 0.00 M M 3.8 15 220 M M 0 1 19 210
11 70 24 47 9 18 0 0.00 M M 5.1 21 230 M M 0 26 230
12 70 35 53 15 12 0 0.00 M M 4.2 15 310 M M 0 17 190
13 63 34 49 11 16 0 0.04 M M 10.2 22 350 M M 7 29 360
14 57 37 47 8 18 0 0.00 M M 17.0 29 350 M M 7 41 350
15 57 27 42 3 23 0 0.00 M M 9.3 20 240 M M 0 31 220
16 56 28 42 2 23 0 0.00 M M 12.9 26 340 M M 0 38 330
17 43 15 29 -11 36 0 0.00 M M 13.1 29 330 M M 1 38 340
18 54 12 33 -8 32 0 0.00 M M 7.0 17 210 M M 0 23 210
19 67 31 49 8 16 0 0.00 M M 8.4 22 350 M M 0 28 340
20 47 29 38 -3 27 0 0.00 M M 10.5 20 60 M M 1 26 360
21 59 27 43 1 22 0 0.00 M M 11.3 21 150 M M 1 27 140
22 48 25 37 -5 28 0 T M M 13.9 31 350 M M 5 39 350
23 45 21 33 -9 32 0 T M M 13.5 24 150 M M 3 1 34 140
24 36 28 32 -11 33 0 0.65 M M 15.0 36 350 M M 9 1236 48 340
25 28 20 24 -19 41 0 M M M 33.1 45 340 M M 10 128 63 350
26 28 11 20 -23 45 0 T M M 14.9 33 330 M M 2 18 44 330
27 47 11 29 -15 36 0 T M M 5.1 14 230 M M 3 19 210
28 65 26 46 2 19 0 0.00 M M 6.9 18 210 M M 0 1 24 200
================================================================================
SM 1492 665 737 0 0.81 M 303.4 M 71
================================================================================
AV 53.3 23.8 10.8 FASTST M M 3 MAX(MPH)
MISC ----> 45 340 63 350
================================================================================
NOTES:
# LAST OF SEVERAL OCCURRENCES
COLUMN 17 PEAK WIND IN M.P.H.
PRELIMINARY LOCAL CLIMATOLOGICAL DATA (WS FORM: F-6) , PAGE 2
STATION: BROKEN BOW
MONTH: MARCH
YEAR: 2024
LATITUDE: 41 26 N
LONGITUDE: 99 39 W
[TEMPERATURE DATA] [PRECIPITATION DATA] SYMBOLS USED IN COLUMN 16
AVERAGE MONTHLY: 38.5 TOTAL FOR MONTH: 0.81 1 = FOG OR MIST
DPTR FM NORMAL: -0.4 DPTR FM NORMAL: -0.16 2 = FOG REDUCING VISIBILITY
HIGHEST: 75 ON 1 GRTST 24HR 0.65 ON 24-24 TO 1/4 MILE OR LESS
LOWEST: 6 ON 8 3 = THUNDER
SNOW, ICE PELLETS, HAIL 4 = ICE PELLETS
TOTAL MONTH: M 5 = HAIL
GRTST 24HR M ON M 6 = FREEZING RAIN OR DRIZZLE
GRTST DEPTH: M ON M 7 = DUSTSTORM OR SANDSTORM:
VSBY 1/2 MILE OR LESS
8 = SMOKE OR HAZE
[NO. OF DAYS WITH] [WEATHER - DAYS WITH] 9 = BLOWING SNOW
X = TORNADO
MAX 32 OR BELOW: 2 0.01 INCH OR MORE: 4
MAX 90 OR ABOVE: 0 0.10 INCH OR MORE: 1
MIN 32 OR BELOW: 25 0.50 INCH OR MORE: 1
MIN 0 OR BELOW: 0 1.00 INCH OR MORE: 0
[HDD (BASE 65) ]
TOTAL THIS MO. 737 CLEAR (SCALE 0-3) 20
DPTR FM NORMAL 8 PTCLDY (SCALE 4-7) 6
TOTAL FM JUL 1 5062 CLOUDY (SCALE 8-10) 2
DPTR FM NORMAL -409
[CDD (BASE 65) ]
TOTAL THIS MO. 0
DPTR FM NORMAL 0 [PRESSURE DATA]
TOTAL FM JAN 1 0 HIGHEST SLP M ON M
DPTR FM NORMAL 0 LOWEST SLP 29.27 ON 3
[REMARKS]