000
CXUS55 KLBF 011510
CF6BBW
PRELIMINARY LOCAL CLIMATOLOGICAL DATA (WS FORM: F-6)
STATION: BROKEN BOW
MONTH: JANUARY
YEAR: 2023
LATITUDE: 41 26 N
LONGITUDE: 99 39 W
TEMPERATURE IN F: :PCPN: SNOW: WIND :SUNSHINE: SKY :PK WND
================================================================================
1 2 3 4 5 6A 6B 7 8 9 10 11 12 13 14 15 16 17 18
12Z AVG MX 2MIN
DY MAX MIN AVG DEP HDD CDD WTR SNW DPTH SPD SPD DIR MIN PSBL S-S WX SPD DR
================================================================================
1 44 30 37 10 28 0 T M M 6.5 14 30 M M 5 20 20
2 36 30 33 6 32 0 0.92 M M 16.3 30 40 M M 9 1236 44 40
3 31 25 28 1 37 0 0.01 M M 23.2 36 330 M M 8 1238 45 330
4 29 22 26 -1 39 0 T M M 17.7 24 310 M M 1 32 310
5 31 9 20 -7 45 0 0.00 M M 10.5 23 330 M M 0 30 300
6 34 7 21 -6 44 0 0.00 M M 3.0 14 360 M M 2 16 350
7 32 14 23 -4 42 0 0.00 M M 2.1 9 340 M M 8 128 10 340
8 37 15 26 -1 39 0 0.00 M M 2.4 9 200 M M 1 128 10 250
9 46 19 33 6 32 0 0.00 M M 9.4 22 280 M M 0 1 29 270
10 43 19 31 4 34 0 0.00 M M 3.5 13 300 M M 1 18 180
11 38 23 31 4 34 0 0.00 M M 15.0 28 340 M M 5 1 35 330
12 31 14 23 -4 42 0 0.00 M M 10.8 28 340 M M 6 128 33 340
13 35 14 25 -2 40 0 0.00 M M 4.6 15 180 M M 4 128 18 180
14 41 26 34 7 31 0 0.00 M M 5.5 14 160 M M 0 16 160
15 37 16 27 0 38 0 T M M 1.5 14 310 M M 3 1 15 310
16 39 34 37 11 28 0 0.01 M M 11.6 22 320 M M 8 1 27 320
17 37 30 34 8 31 0 0.00 M M 5.8 14 40 M M 10 1 19 50
18 30 21 26 0 39 0 1.46 M M 16.6 26 360 M M 10 128 35 360
19 35 9 22 -4 43 0 T M M 13.4 26 320 M M 7 18 34 310
20 31 1 16 -10 49 0 0.00 M M 2.8 9 200 M M 0 18 12 310
21 32 11 22 -4 43 0 0.02 M M 5.0 16 330 M M 6 1 20 310
22 27 2 15 -11 50 0 0.00 M M 3.3 14 320 M M 1 128 18 320
23 37 4 21 -5 44 0 0.00 M M 6.4 20 330 M M 5 128 26 320
24 36 12 24 -2 41 0 0.00 M M 6.7 20 330 M M 6 128 23 330
25 29 20 25 -1 40 0 0.02 M M 15.0 32 330 M M 8 1 41 350
26 40 26 33 7 32 0 T M M 13.4 30 290 M M 7 18 39 290
27 39 32 36 10 29 0 T M M 13.9 32 290 M M 5 43 300
28 35 -2 17 -9 48 0 T M M 17.6 29 350 M M 10 169 40 360
29 5 -7 -1 -27 66 0 T M M 10.4 18 350 M M 7 24 350
30 6 -11 -2 -28 67 0 T M M 3.2 9 340 M M 3 8 12 330
31 14 -7 4 -22 61 0 0.00 M M 8.0 17 250 M M 0 22 250
================================================================================
SM 1017 458 1268 0 2.44 M 285.1 M 146
================================================================================
AV 32.8 14.8 9.2 FASTST M M 5 MAX(MPH)
MISC ----> 36 330 45 330
================================================================================
NOTES:
# LAST OF SEVERAL OCCURRENCES
COLUMN 17 PEAK WIND IN M.P.H.
PRELIMINARY LOCAL CLIMATOLOGICAL DATA (WS FORM: F-6) , PAGE 2
STATION: BROKEN BOW
MONTH: JANUARY
YEAR: 2023
LATITUDE: 41 26 N
LONGITUDE: 99 39 W
[TEMPERATURE DATA] [PRECIPITATION DATA] SYMBOLS USED IN COLUMN 16
AVERAGE MONTHLY: 23.8 TOTAL FOR MONTH: 2.44 1 = FOG OR MIST
DPTR FM NORMAL: -2.7 DPTR FM NORMAL: 2.09 2 = FOG REDUCING VISIBILITY
HIGHEST: 46 ON 9 GRTST 24HR 1.46 ON 18-18 TO 1/4 MILE OR LESS
LOWEST: -11 ON 30 3 = THUNDER
SNOW, ICE PELLETS, HAIL 4 = ICE PELLETS
TOTAL MONTH: M 5 = HAIL
GRTST 24HR M ON M 6 = FREEZING RAIN OR DRIZZLE
GRTST DEPTH: M ON M 7 = DUSTSTORM OR SANDSTORM:
VSBY 1/2 MILE OR LESS
8 = SMOKE OR HAZE
[NO. OF DAYS WITH] [WEATHER - DAYS WITH] 9 = BLOWING SNOW
X = TORNADO
MAX 32 OR BELOW: 13 0.01 INCH OR MORE: 6
MAX 90 OR ABOVE: 0 0.10 INCH OR MORE: 2
MIN 32 OR BELOW: 30 0.50 INCH OR MORE: 2
MIN 0 OR BELOW: 4 1.00 INCH OR MORE: 1
[HDD (BASE 65) ]
TOTAL THIS MO. 1268 CLEAR (SCALE 0-3) 11
DPTR FM NORMAL 76 PTCLDY (SCALE 4-7) 15
TOTAL FM JUL 1 3923 CLOUDY (SCALE 8-10) 5
DPTR FM NORMAL 197
[CDD (BASE 65) ]
TOTAL THIS MO. 0
DPTR FM NORMAL 0 [PRESSURE DATA]
TOTAL FM JAN 1 0 HIGHEST SLP 30.60 ON 30
DPTR FM NORMAL 0 LOWEST SLP 29.41 ON 16
[REMARKS]
#FINAL-01-23#